-- https://www.phpmyadmin.net/
--

START TRANSACTION;



--
-- Database: `myazilimcom_sefaran`
--

-- --------------------------------------------------------

--
-- Table structure for table `appointments`
--

CREATE TABLE `appointments` (
  `id` int NOT NULL,
  `service` varchar(500) CHARACTER SET utf8mb4 COLLATE utf8mb4_unicode_ci NOT NULL,
  `providerID` varchar(500) CHARACTER SET utf8mb4 COLLATE utf8mb4_unicode_ci NOT NULL,
  `appDate` date NOT NULL,
  `startTime` time NOT NULL,
  `endTime` time DEFAULT NULL,
  `member` varchar(500) CHARACTER SET utf8mb4 COLLATE utf8mb4_unicode_ci NOT NULL,
  `rememberNoti` int NOT NULL DEFAULT '0',
  `lastRememberNoti` int NOT NULL DEFAULT '0',
  `providerNoti` int NOT NULL DEFAULT '0',
  `paymentKey` varchar(500) CHARACTER SET utf8mb4 COLLATE utf8mb4_unicode_ci DEFAULT NULL,
  `paymentID` varchar(500) CHARACTER SET utf8mb4 COLLATE utf8mb4_unicode_ci DEFAULT NULL,
  `payment` varchar(200) CHARACTER SET utf8mb4 COLLATE utf8mb4_unicode_ci NOT NULL DEFAULT 'Nakit',
  `paymentStatus` int NOT NULL DEFAULT '0',
  `memnuniyetNoti` int NOT NULL DEFAULT '0',
  `coming` int NOT NULL DEFAULT '0',
  `note` longtext CHARACTER SET utf8mb4 COLLATE utf8mb4_unicode_ci,
  `calendarID` longtext CHARACTER SET utf8mb4 COLLATE utf8mb4_unicode_ci,
  `yedek` int DEFAULT '0',
  `providerNotif` int NOT NULL DEFAULT '1'
) ENGINE=InnoDB DEFAULT CHARSET=utf8mb4 COLLATE=utf8mb4_unicode_ci;

--
-- Dumping data for table `appointments`
--

INSERT INTO `appointments` (`id`, `service`, `providerID`, `appDate`, `startTime`, `endTime`, `member`, `rememberNoti`, `lastRememberNoti`, `providerNoti`, `paymentKey`, `paymentID`, `payment`, `paymentStatus`, `memnuniyetNoti`, `coming`, `note`, `calendarID`, `yedek`, `providerNotif`) VALUES
(37, '2', '8', '2024-08-13', '13:00:00', '13:45:00', '6', 0, 0, 0, NULL, NULL, 'Nakit', 0, 0, 0, '', NULL, 0, 1),
(39, '2', '17', '2024-08-20', '17:00:00', '17:45:00', '8', 0, 0, 0, NULL, NULL, 'Nakit', 0, 0, 0, '', NULL, 0, 1),
(40, '2', '17', '2024-08-20', '18:00:00', '18:45:00', '9', 0, 0, 0, NULL, NULL, 'Nakit', 0, 0, 0, '', NULL, 0, 1),
(41, '2', '8', '2024-08-22', '09:00:00', '09:45:00', '6', 0, 0, 0, NULL, NULL, 'Nakit', 0, 0, 0, '', NULL, 0, 1),
(42, '2', '8', '2024-08-24', '15:00:00', '15:45:00', '1', 0, 0, 0, NULL, NULL, 'Nakit', 0, 0, 0, '', NULL, 0, 1),
(43, '2', '8', '2024-08-26', '09:00:00', '09:45:00', '3', 0, 0, 0, NULL, NULL, 'Nakit', 0, 0, 0, 'gelmedikiii', NULL, 0, 1),
(44, '3', '17', '2024-08-27', '11:00:00', '11:30:00', '6', 0, 0, 0, NULL, NULL, 'Nakit', 0, 0, 1, 'Deneme', NULL, 0, 1),
(45, '2', '8', '2024-08-26', '11:00:00', '11:45:00', '10', 0, 0, 0, NULL, NULL, 'Nakit', 0, 0, 0, 'ddd', NULL, 0, 1),
(46, '3', '17', '2024-08-31', '10:00:00', '10:30:00', '11', 0, 0, 0, NULL, NULL, 'Nakit', 1, 0, 1, '', NULL, 0, 1),
(47, '3', '8', '2024-09-12', '12:00:00', '12:30:00', '12', 0, 0, 0, NULL, NULL, 'Nakit', 0, 0, 0, '', NULL, 0, 1),
(48, '2', '17', '2024-10-05', '19:00:00', '19:45:00', '6', 0, 0, 0, NULL, NULL, 'Nakit', 0, 0, 0, '', NULL, 0, 1),
(50, '2', '8', '2024-10-05', '23:00:00', '23:45:00', '6', 0, 0, 0, NULL, NULL, 'Nakit', 0, 0, 0, '', NULL, 0, 1),
(51, '2', '8', '2024-11-07', '12:00:00', '12:45:00', '13', 0, 0, 0, NULL, NULL, 'Nakit', 0, 0, 0, '', NULL, 0, 1),
(52, '2', '17', '2024-11-12', '20:00:00', '20:45:00', '14', 0, 0, 0, NULL, NULL, 'Nakit', 0, 0, 0, '', NULL, 0, 1),
(53, '2', '17', '2024-11-12', '19:00:00', '19:45:00', '14', 0, 0, 0, NULL, NULL, 'Nakit', 0, 0, 0, '', NULL, 0, 1),
(54, '2', '17', '2024-11-13', '10:00:00', '10:45:00', '14', 0, 0, 0, NULL, NULL, 'Nakit', 0, 0, 0, '', NULL, 0, 1),
(55, '2', '17', '2024-11-12', '17:00:00', '17:45:00', '14', 0, 0, 0, NULL, NULL, 'Nakit', 0, 0, 0, '', NULL, 0, 1),
(56, '2', '17', '2024-11-13', '12:00:00', '12:45:00', '14', 0, 0, 0, NULL, NULL, 'Nakit', 0, 0, 0, '', NULL, 0, 1),
(57, '2', '17', '2024-11-13', '13:00:00', '13:45:00', '10', 0, 0, 0, NULL, NULL, 'Nakit', 0, 0, 0, '', NULL, 0, 1),
(58, '2', '17', '2024-11-13', '14:00:00', '14:45:00', '10', 0, 0, 0, NULL, NULL, 'Nakit', 0, 0, 0, '', NULL, 0, 1),
(59, '2', '17', '2024-11-13', '15:00:00', '15:45:00', '15', 0, 0, 0, NULL, NULL, 'Nakit', 0, 0, 0, '', NULL, 0, 1),
(60, '2', '17', '2024-11-13', '16:00:00', '16:45:00', '15', 0, 0, 0, NULL, NULL, 'Nakit', 0, 0, 0, '', NULL, 0, 1),
(61, '2', '8', '2024-11-15', '09:00:00', '09:45:00', '6', 0, 0, 0, NULL, NULL, 'Nakit', 0, 0, 0, '', NULL, 0, 1),
(63, '2', '17', '2024-11-13', '20:00:00', '20:45:00', '15', 0, 0, 0, NULL, NULL, 'Nakit', 0, 0, 0, '', NULL, 0, 1),
(69, '2', '17', '2024-11-13', '17:00:00', '17:45:00', '10', 0, 0, 0, NULL, NULL, 'Nakit', 0, 0, 0, '', NULL, 0, 1),
(70, '2', '17', '2024-11-13', '18:00:00', '18:45:00', '10', 0, 0, 0, NULL, NULL, 'Nakit', 0, 0, 0, '', NULL, 0, 1),
(71, '2', '17', '2024-11-13', '19:00:00', '19:45:00', '10', 0, 0, 0, NULL, NULL, 'Nakit', 0, 0, 0, '', NULL, 0, 1),
(73, '2', '17', '2024-11-13', '00:00:00', NULL, '', 0, 0, 0, NULL, NULL, 'Nakit', 0, 0, 0, 'cccccccc telefon:6666666655', NULL, 1, 1),
(74, '2', '17', '2024-11-13', '00:00:00', NULL, '', 0, 0, 0, NULL, NULL, 'Nakit', 0, 0, 0, 'aaaa telefon:1111111111', NULL, 1, 1),
(76, '2', '17', '2024-11-14', '17:00:00', '17:45:00', '16', 0, 0, 0, NULL, NULL, 'Nakit', 0, 0, 0, '', NULL, 0, 1),
(77, '2', '17', '2024-11-14', '18:00:00', '18:45:00', '16', 0, 0, 0, NULL, NULL, 'Nakit', 0, 0, 0, '', NULL, 0, 1),
(80, '2', '17', '2024-11-13', '00:00:00', NULL, '', 0, 0, 0, NULL, NULL, 'Nakit', 0, 0, 0, 'asasaaas telefon:1111112332', NULL, 1, 1),
(82, '2', '17', '2024-11-15', '20:00:00', '20:45:00', '15', 0, 0, 0, NULL, NULL, '', 0, 0, 0, '', NULL, 0, 1),
(83, '2', '8', '2024-11-16', '14:00:00', '14:45:00', '16', 0, 0, 0, NULL, NULL, 'Nakit', 0, 0, 0, '', NULL, 0, 1),
(84, '2', '17', '2024-11-18', '14:00:00', '14:45:00', '16', 0, 0, 0, NULL, NULL, 'Nakit', 0, 0, 0, '', NULL, 0, 1),
(85, '2', '17', '2024-11-18', '15:00:00', '15:45:00', '18', 0, 0, 0, NULL, NULL, 'Nakit', 0, 0, 0, '', NULL, 0, 1),
(86, '2', '17', '2024-11-18', '16:00:00', '16:45:00', '19', 0, 0, 0, NULL, NULL, 'Nakit', 0, 0, 0, '', NULL, 0, 1),
(87, '2', '17', '2024-11-18', '17:00:00', '17:45:00', '14', 0, 0, 0, NULL, NULL, 'Nakit', 0, 0, 0, '', NULL, 0, 1),
(88, '2', '17', '2024-11-30', '09:00:00', '09:45:00', '20', 0, 0, 0, NULL, NULL, 'Nakit', 0, 0, 0, '', NULL, 0, 1),
(89, '2', '8', '2024-12-17', '07:00:00', '07:45:00', '21', 0, 0, 0, NULL, NULL, 'Nakit', 0, 0, 0, '', NULL, 0, 1),
(90, '2', '8', '2024-12-17', '00:00:00', NULL, '', 0, 0, 0, NULL, NULL, 'Nakit', 0, 0, 0, 'melda u telefon:8888888888', NULL, 1, 1),
(91, '3', '8', '2024-12-27', '07:00:00', '07:30:00', '22', 0, 0, 0, NULL, NULL, 'Nakit', 0, 0, 0, '', NULL, 0, 1),
(92, '2', '8', '2024-12-27', '00:00:00', NULL, '', 0, 0, 0, NULL, NULL, 'Nakit', 0, 0, 0, 'Kerimünal telefon:5546038154', NULL, 1, 1),
(95, '41', '8', '2025-02-23', '07:00:00', '07:45:00', '1', 0, 0, 0, NULL, NULL, 'Nakit', 0, 0, 0, '', NULL, 0, 1),
(104, '41', '17', '2025-02-19', '17:00:00', '17:45:00', '23', 0, 0, 0, NULL, NULL, 'Nakit', 0, 0, 0, '', NULL, 0, 1),
(105, '41', '8', '2025-02-21', '08:00:00', '08:45:00', '23', 0, 0, 0, NULL, NULL, 'Nakit', 0, 0, 0, '', NULL, 0, 1),
(134, '3', '8', '2025-03-28', '16:30:00', '17:00:00', '24', 0, 0, 0, NULL, NULL, 'Nakit', 0, 0, 0, 'werwer', NULL, 0, 1),
(137, '2', '8', '2025-03-27', '14:00:00', '14:45:00', '26', 0, 0, 0, NULL, NULL, 'Nakit', 0, 0, 0, '', NULL, 0, 1),
(139, '2', '8', '2025-03-26', '22:30:00', '23:15:00', '27', 0, 0, 0, NULL, NULL, 'Nakit', 0, 0, 0, '', NULL, 0, 1),
(140, '2', '8', '2025-03-27', '09:30:00', '10:15:00', '27', 0, 0, 0, NULL, NULL, 'Nakit', 0, 0, 0, '', NULL, 0, 1),
(141, '2', '8', '2025-03-26', '16:30:00', '17:15:00', '27', 0, 0, 0, NULL, NULL, 'Nakit', 0, 0, 0, '', NULL, 0, 1),
(142, '2', '8', '2025-03-27', '11:30:00', '12:15:00', '27', 0, 0, 0, NULL, NULL, 'Nakit', 0, 0, 0, '', NULL, 0, 1),
(143, '41', '8', '2025-03-25', '09:30:00', '10:15:00', '28', 0, 0, 0, NULL, NULL, 'Nakit', 0, 0, 0, '', NULL, 0, 1),
(158, '3', '8', '2025-03-30', '09:00:00', '09:30:00', '29', 0, 0, 0, NULL, NULL, 'Nakit', 0, 0, 0, '', NULL, 0, 1),
(160, '3', '8', '2025-03-28', '10:00:00', '10:30:00', '24', 0, 0, 0, NULL, NULL, 'Nakit', 0, 0, 0, '', NULL, 0, 1),
(161, '2', '8', '2025-03-28', '11:00:00', '11:45:00', '24', 0, 0, 0, NULL, NULL, 'Nakit', 0, 0, 0, '', NULL, 0, 1),
(166, '47', '8', '2025-03-27', '09:00:00', '09:30:00', '24', 0, 0, 0, NULL, NULL, 'Nakit', 0, 0, 0, '', NULL, 0, 1),
(167, '3', '8', '2025-03-29', '23:45:00', '00:15:00', '24', 0, 0, 0, NULL, NULL, 'Nakit', 0, 0, 0, '', NULL, 0, 1),
(168, '3', '8', '2025-04-21', '10:00:00', '10:30:00', '24', 0, 0, 0, NULL, NULL, 'Nakit', 0, 0, 0, 'asdasd', NULL, 0, 1),
(169, '1', '8', '2025-04-22', '10:15:00', '11:15:00', '24', 0, 0, 0, NULL, NULL, 'Nakit', 0, 0, 0, 'ödemenizi yapmadınız', NULL, 0, 1),
(170, '41', '8', '2025-04-22', '09:00:00', '09:45:00', '24', 0, 0, 0, NULL, NULL, 'Nakit', 0, 0, 0, '', NULL, 0, 1),
(171, '3', '8', '2025-04-22', '09:45:00', '10:15:00', '24', 0, 0, 0, NULL, NULL, 'Nakit', 0, 0, 0, '', NULL, 0, 1),
(172, '3', '8', '2025-04-23', '08:00:00', '08:30:00', '24', 0, 0, 0, NULL, NULL, 'Nakit', 0, 0, 0, '', NULL, 0, 1),
(173, '3', '8', '2025-04-23', '22:00:00', '22:30:00', '24', 0, 0, 0, NULL, NULL, 'Nakit', 0, 0, 0, '', NULL, 0, 1),
(174, '3', '8', '2025-04-23', '09:30:00', '10:00:00', '24', 0, 0, 0, NULL, NULL, 'Nakit', 0, 0, 0, '', NULL, 0, 1),
(175, '41', '8', '2025-04-24', '22:15:00', '23:00:00', '24', 0, 0, 0, NULL, NULL, 'Nakit', 0, 0, 0, 'asdasd', NULL, 0, 1),
(176, '2', '8', '2025-04-24', '08:15:00', '09:00:00', '24', 0, 0, 0, NULL, NULL, 'Nakit', 0, 0, 0, 'asdasd', NULL, 0, 1),
(177, '3', '8', '2025-04-24', '23:30:00', '00:00:00', '24', 0, 0, 0, NULL, NULL, 'Nakit', 0, 0, 0, '', NULL, 0, 1),
(178, '46', '8', '2025-04-24', '08:00:00', '08:15:00', '24', 0, 0, 0, NULL, NULL, 'Nakit', 0, 0, 0, '', NULL, 0, 1),
(179, '3', '8', '2025-04-23', '20:00:00', '20:30:00', '24', 0, 0, 0, NULL, NULL, 'Nakit', 0, 0, 0, '', NULL, 0, 1),
(180, '43', '8', '2025-04-23', '16:00:00', '16:30:00', '24', 0, 0, 0, NULL, NULL, 'Nakit', 0, 0, 0, 'jklhj', NULL, 0, 1),
(181, '3', '8', '2025-04-26', '20:30:00', '21:00:00', '24', 0, 0, 0, NULL, NULL, 'Nakit', 0, 0, 0, '', NULL, 0, 1),
(182, '1', '8', '2025-04-26', '08:00:00', '09:00:00', '24', 0, 0, 0, NULL, NULL, 'Nakit', 0, 0, 0, '', NULL, 0, 1),
(183, '41', '8', '2025-04-30', '08:00:00', '08:45:00', '24', 0, 0, 0, NULL, NULL, 'Nakit', 0, 0, 0, '', NULL, 0, 1),
(184, '1', '8', '2025-04-24', '09:00:00', '10:00:00', '24', 0, 0, 0, NULL, NULL, 'Nakit', 0, 0, 0, '', NULL, 0, 1),
(185, '3', '8', '2025-04-25', '08:00:00', '08:30:00', '24', 0, 0, 0, NULL, NULL, 'Nakit', 0, 0, 0, '', NULL, 0, 1),
(186, '1', '8', '2025-04-30', '08:45:00', '09:45:00', '24', 0, 0, 0, NULL, NULL, 'Nakit', 0, 0, 0, '', NULL, 0, 1),
(187, '3', '8', '2025-04-30', '09:45:00', '10:15:00', '24', 0, 0, 0, NULL, NULL, 'Nakit', 0, 0, 0, '', NULL, 0, 1),
(188, '43', '8', '2025-04-25', '08:30:00', '09:00:00', '24', 0, 0, 0, NULL, NULL, 'Nakit', 0, 0, 0, '', NULL, 0, 1),
(189, '47', '8', '2025-04-30', '10:15:00', '10:45:00', '24', 0, 0, 0, NULL, NULL, 'Nakit', 0, 0, 0, '', NULL, 0, 1),
(190, '1', '8', '2025-04-26', '09:00:00', '10:00:00', '24', 0, 0, 0, NULL, NULL, 'Nakit', 0, 0, 0, '', NULL, 0, 1),
(191, '46', '8', '2025-04-30', '10:45:00', '11:00:00', '24', 0, 0, 0, NULL, NULL, 'Nakit', 0, 0, 0, '', NULL, 0, 1),
(192, '3', '8', '2025-04-25', '09:00:00', '09:30:00', '24', 0, 0, 0, NULL, NULL, 'Nakit', 0, 0, 0, '', NULL, 0, 1),
(193, '1', '8', '2025-04-30', '11:00:00', '12:00:00', '24', 0, 0, 0, NULL, NULL, 'Nakit', 0, 0, 0, '', NULL, 0, 1),
(194, '1', '1', '2025-04-14', '00:00:00', '17:20:00', '24', 0, 0, 0, NULL, NULL, '', 0, 0, 0, '', NULL, 0, 1),
(195, '3', '8', '2025-04-30', '12:00:00', '12:30:00', '24', 0, 0, 0, NULL, NULL, 'Nakit', 0, 0, 0, '', NULL, 0, 1),
(196, '1', '8', '2025-04-30', '12:30:00', '13:30:00', '24', 0, 0, 0, NULL, NULL, 'Nakit', 0, 0, 0, '', NULL, 0, 1),
(197, '47', '8', '2025-04-30', '13:30:00', '14:00:00', '24', 0, 0, 0, NULL, NULL, 'Nakit', 0, 0, 0, '', NULL, 0, 1),
(198, '47', '8', '2025-04-30', '14:00:00', '14:30:00', '24', 0, 0, 0, NULL, NULL, 'Nakit', 0, 0, 0, '', NULL, 0, 1),
(199, '43', '8', '2025-04-30', '14:30:00', '15:00:00', '24', 0, 0, 0, NULL, NULL, 'Nakit', 0, 0, 0, '', NULL, 0, 1),
(200, '47', '8', '2025-04-30', '15:00:00', '15:30:00', '24', 0, 0, 0, NULL, NULL, 'Nakit', 0, 0, 0, '', NULL, 0, 1),
(201, '3', '8', '2025-04-30', '15:30:00', '16:00:00', '24', 0, 0, 0, NULL, NULL, 'Nakit', 0, 0, 0, '', NULL, 0, 1),
(202, '1', '8', '2025-04-30', '16:00:00', '17:00:00', '24', 0, 0, 0, NULL, NULL, 'Nakit', 0, 0, 0, '', NULL, 0, 1),
(203, '1', '8', '2025-04-30', '17:00:00', '18:00:00', '24', 0, 0, 0, NULL, NULL, 'Nakit', 0, 0, 0, '', NULL, 0, 1),
(204, '1', '8', '2025-04-30', '18:00:00', '19:00:00', '24', 0, 0, 0, NULL, NULL, 'Nakit', 0, 0, 0, '', NULL, 0, 1),
(205, '47', '8', '2025-04-30', '19:00:00', '19:30:00', '24', 0, 0, 0, NULL, NULL, 'Nakit', 0, 0, 0, '', NULL, 0, 1),
(206, '43', '8', '2025-04-30', '19:30:00', '20:00:00', '24', 0, 0, 0, NULL, NULL, 'Nakit', 0, 0, 0, '', NULL, 0, 1),
(207, '43', '8', '2025-04-30', '20:00:00', '20:30:00', '24', 0, 0, 0, NULL, NULL, 'Nakit', 0, 0, 0, '', NULL, 0, 1),
(208, '1', '8', '2025-04-30', '20:30:00', '21:30:00', '24', 0, 0, 0, NULL, NULL, 'Nakit', 0, 0, 0, '', NULL, 0, 1),
(209, '3', '8', '2025-04-30', '21:30:00', '22:00:00', '24', 0, 0, 0, NULL, NULL, 'Nakit', 0, 0, 0, '', NULL, 0, 1),
(210, '47', '8', '2025-04-30', '22:00:00', '22:30:00', '24', 0, 0, 0, NULL, NULL, 'Nakit', 0, 0, 0, '', NULL, 0, 1),
(211, '3', '8', '2025-04-30', '22:30:00', '23:00:00', '24', 0, 0, 0, NULL, NULL, 'Nakit', 0, 0, 0, '', NULL, 0, 1),
(212, '2', '8', '2025-04-30', '23:00:00', '23:45:00', '24', 0, 0, 0, NULL, NULL, 'Nakit', 0, 0, 0, '', NULL, 0, 1),
(213, '46', '8', '2025-04-30', '23:45:00', '00:00:00', '24', 0, 0, 0, NULL, NULL, 'Nakit', 0, 0, 0, '', NULL, 0, 1),
(214, '3', '8', '2025-04-29', '08:00:00', '08:30:00', '24', 0, 0, 0, NULL, NULL, 'Nakit', 0, 0, 0, '', NULL, 0, 1),
(215, '46', '8', '2025-04-29', '08:30:00', '08:45:00', '24', 0, 0, 0, NULL, NULL, 'Nakit', 0, 0, 0, '', NULL, 0, 1),
(216, '43', '8', '2025-04-23', '08:30:00', '09:00:00', '24', 0, 0, 0, NULL, NULL, 'Nakit', 0, 0, 0, '', NULL, 0, 1),
(217, '3', '8', '2025-04-16', '00:00:00', '00:30:00', '24', 0, 0, 0, NULL, NULL, 'Nakit', 0, 0, 0, '', NULL, 0, 1),
(218, '1', '8', '2025-04-24', '10:00:00', '11:00:00', '24', 0, 0, 0, NULL, NULL, 'Nakit', 0, 0, 0, '', NULL, 0, 1),
(219, '3', '8', '2025-04-29', '08:45:00', '09:15:00', '24', 0, 0, 0, NULL, NULL, 'Nakit', 0, 0, 0, '', NULL, 0, 1),
(220, '43', '8', '2025-04-29', '09:15:00', '09:45:00', '24', 0, 0, 0, NULL, NULL, 'Nakit', 0, 0, 0, '', NULL, 0, 1),
(221, '1', '8', '2025-04-29', '09:45:00', '10:45:00', '24', 0, 0, 0, NULL, NULL, 'Nakit', 0, 0, 0, '', NULL, 0, 1),
(222, '1', '8', '2025-04-29', '10:45:00', '11:45:00', '24', 0, 0, 0, NULL, NULL, 'Nakit', 0, 0, 0, '', NULL, 0, 1),
(223, '3', '8', '2025-04-16', '18:30:00', '19:00:00', '24', 0, 0, 0, NULL, NULL, 'Nakit', 0, 0, 0, '', NULL, 0, 1),
(224, '1', '8', '2025-04-15', '18:30:00', '19:30:00', '24', 0, 0, 0, NULL, NULL, 'Nakit', 0, 0, 0, '', NULL, 0, 1),
(225, '1', '8', '2025-04-15', '19:30:00', '20:30:00', '24', 0, 0, 0, NULL, NULL, 'Nakit', 0, 0, 0, '', NULL, 0, 1),
(226, '43', '8', '2025-04-15', '20:30:00', '21:00:00', '24', 0, 0, 0, NULL, NULL, 'Nakit', 0, 0, 0, '', NULL, 0, 1),
(227, '1', '8', '2025-04-15', '21:30:00', '22:30:00', '24', 0, 0, 0, NULL, NULL, 'Nakit', 0, 0, 0, '', NULL, 0, 1),
(228, '3', '8', '2025-04-29', '11:45:00', '12:15:00', '29', 0, 0, 0, NULL, NULL, 'Nakit', 0, 0, 0, '', NULL, 0, 1),
(229, '3', '8', '2025-04-15', '23:00:00', '23:30:00', '29', 0, 0, 0, NULL, NULL, 'Nakit', 0, 0, 0, '', NULL, 0, 1),
(230, '3', '8', '2025-04-15', '21:00:00', '21:30:00', '24', 0, 0, 0, NULL, NULL, 'Nakit', 0, 0, 0, '', NULL, 0, 1),
(231, '3', '8', '2025-04-15', '23:30:00', '00:00:00', '24', 0, 0, 0, NULL, NULL, 'Nakit', 0, 0, 0, '', NULL, 0, 1),
(232, '2', '8', '2025-04-15', '23:45:00', '00:30:00', '24', 0, 0, 0, NULL, NULL, 'Nakit', 0, 0, 0, '', NULL, 0, 1),
(233, '2', '8', '2025-04-19', '09:45:00', '10:30:00', '24', 0, 0, 0, NULL, NULL, 'Nakit', 0, 0, 0, '', NULL, 0, 1),
(234, '47', '8', '2025-04-21', '13:00:00', '13:30:00', '24', 0, 0, 0, NULL, NULL, 'Nakit', 0, 0, 0, '', NULL, 0, 1),
(235, '3', '8', '2025-04-16', '00:30:00', '01:00:00', '24', 0, 0, 0, NULL, NULL, 'Nakit', 0, 0, 0, '', NULL, 0, 1),
(236, '1', '8', '2025-04-16', '19:00:00', '20:00:00', '24', 0, 0, 0, NULL, NULL, 'Nakit', 0, 0, 0, '', NULL, 0, 1),
(237, '1', '8', '2025-04-16', '17:00:00', '18:00:00', '24', 0, 0, 0, NULL, NULL, 'Nakit', 0, 0, 0, '', NULL, 0, 1),
(239, '3', '8', '2025-04-16', '15:00:00', '15:30:00', '24', 0, 0, 0, NULL, NULL, 'Nakit', 0, 0, 0, '', NULL, 0, 1),
(240, '3', '8', '2025-04-16', '18:00:00', '18:30:00', '24', 0, 0, 0, NULL, NULL, 'Nakit', 0, 0, 0, '', NULL, 0, 1),
(241, '3', '8', '2025-04-24', '13:00:00', '13:30:00', '24', 0, 0, 0, NULL, NULL, 'Nakit', 0, 0, 0, '', NULL, 0, 1),
(242, '1', '8', '2025-04-16', '15:30:00', '16:30:00', '24', 0, 0, 0, NULL, NULL, 'Nakit', 0, 0, 0, '', NULL, 0, 1),
(243, '3', '8', '2025-04-23', '11:30:00', '12:00:00', '24', 0, 0, 0, NULL, NULL, 'Nakit', 0, 0, 0, '', NULL, 0, 1),
(244, '1', '8', '2025-04-20', '16:00:00', '17:00:00', '24', 0, 0, 0, NULL, NULL, 'Nakit', 0, 0, 0, '', NULL, 0, 1),
(245, '1', '8', '2025-04-17', '01:00:00', '02:00:00', '24', 0, 0, 0, NULL, NULL, 'Nakit', 0, 0, 0, '', NULL, 0, 1),
(246, '1', '8', '2025-04-16', '11:00:00', '12:00:00', '24', 0, 0, 0, NULL, NULL, 'Nakit', 0, 0, 0, '', NULL, 0, 1),
(247, '3', '8', '2025-04-17', '22:00:00', '22:30:00', '24', 0, 0, 0, NULL, NULL, 'Nakit', 0, 0, 0, '', NULL, 0, 1),
(248, '43', '8', '2025-04-18', '00:30:00', '01:00:00', '24', 0, 0, 0, NULL, NULL, 'Nakit', 0, 0, 0, '', NULL, 0, 1),
(249, '1', '8', '2025-04-25', '14:30:00', '15:30:00', '24', 0, 0, 0, NULL, NULL, 'Nakit', 0, 0, 0, '', NULL, 0, 1),
(250, '1', '8', '2025-04-16', '21:00:00', '22:00:00', '24', 0, 0, 0, NULL, NULL, 'Nakit', 0, 0, 0, '', NULL, 0, 1),
(251, '3', '8', '2025-04-16', '14:30:00', '15:00:00', '24', 0, 0, 0, NULL, NULL, 'Nakit', 0, 0, 0, '', NULL, 0, 1),
(252, '43', '8', '2025-04-16', '14:00:00', '14:30:00', '24', 0, 0, 0, NULL, NULL, 'Nakit', 0, 0, 0, '', NULL, 0, 1),
(253, '43', '8', '2025-04-26', '12:30:00', '13:00:00', '24', 0, 0, 0, NULL, NULL, 'Nakit', 0, 0, 0, '', NULL, 0, 1),
(254, '1', '8', '2025-04-25', '15:30:00', '16:30:00', '24', 0, 0, 0, NULL, NULL, 'Nakit', 0, 0, 0, '', NULL, 0, 1),
(255, '43', '8', '2025-04-26', '13:00:00', '13:30:00', '24', 0, 0, 0, NULL, NULL, 'Nakit', 0, 0, 0, '', NULL, 0, 1),
(256, '47', '8', '2025-04-24', '18:00:00', '18:30:00', '24', 0, 0, 0, NULL, NULL, 'Nakit', 0, 0, 0, '', NULL, 0, 1),
(257, '1', '8', '2025-04-19', '01:30:00', '02:30:00', '24', 0, 0, 0, NULL, NULL, 'Nakit', 0, 0, 0, '', NULL, 0, 1),
(258, '43', '8', '2025-04-20', '11:00:00', '11:30:00', '24', 0, 0, 0, NULL, NULL, 'Nakit', 0, 0, 0, '', NULL, 0, 1),
(259, '1', '8', '2025-04-25', '11:30:00', '12:30:00', '24', 0, 0, 0, NULL, NULL, 'Nakit', 0, 0, 0, '', NULL, 0, 1),
(260, '43', '8', '2025-04-25', '17:30:00', '18:00:00', '24', 0, 0, 0, NULL, NULL, 'Nakit', 0, 0, 0, '', NULL, 0, 1);

-- --------------------------------------------------------

--
-- Table structure for table `business_case`
--

CREATE TABLE `business_case` (
  `id` int NOT NULL,
  `caseDate` date NOT NULL,
  `casePaymentMethod` varchar(500) CHARACTER SET utf8mb4 COLLATE utf8mb4_unicode_ci DEFAULT NULL,
  `caseAmount` int NOT NULL,
  `caseNote` longtext CHARACTER SET utf8mb4 COLLATE utf8mb4_unicode_ci,
  `caseType` int NOT NULL,
  `member` int DEFAULT NULL,
  `caseOrder` int DEFAULT NULL
) ENGINE=InnoDB DEFAULT CHARSET=utf8mb4 COLLATE=utf8mb4_unicode_ci;

--
-- Dumping data for table `business_case`
--

INSERT INTO `business_case` (`id`, `caseDate`, `casePaymentMethod`, `caseAmount`, `caseNote`, `caseType`, `member`, `caseOrder`) VALUES
(30, '2024-07-12', 'Nakit', 150, 'Maus Yazılım - Sipariş Ödemesi | ?ampuan | #36', 1, 51, NULL),
(31, '2024-07-15', 'Nakit', 200, 'Sakal Kesimi - Hizmet Ödemesi | sefa uyanık', 1, 52, NULL),
(32, '2024-07-30', 'Nakit', 100, 'Saç Kesimi - Hizmet Ödemesi | sefa uyanık', 1, 4, NULL),
(33, '2024-08-31', 'Havale', 300, 'Sakal Kesimi - Hizmet Ödemesi | Lada vaz', 1, 11, NULL),
(34, '2025-04-24', NULL, 250, 'Çocuk Saç Kesim - Hizmet Ödemesi | Onur Dilmen', 1, 24, NULL),
(35, '2025-04-24', NULL, 250, 'Çocuk Saç Kesim - Hizmet Ödemesi | Onur Dilmen', 1, 24, NULL),
(36, '2025-04-24', NULL, 250, 'Çocuk Saç Kesim - Hizmet Ödemesi | Onur Dilmen', 1, 24, NULL),
(37, '2025-04-24', NULL, 250, 'Çocuk Saç Kesim - Hizmet Ödemesi | Onur Dilmen', 1, 24, NULL),
(38, '2025-04-24', NULL, 250, 'Çocuk Saç Kesim - Hizmet Ödemesi | Onur Dilmen', 1, 24, NULL),
(39, '2025-04-24', NULL, 250, 'Çocuk Saç Kesim - Hizmet Ödemesi | Onur Dilmen', 1, 24, NULL),
(40, '2025-04-24', NULL, 200, 'Sakal Kesimi - Hizmet Ödemesi | Onur Dilmen', 1, 24, NULL),
(41, '2025-04-24', NULL, 250, 'Çocuk Saç Kesim - Hizmet Ödemesi | Onur Dilmen', 1, 24, NULL),
(42, '2025-04-24', NULL, 250, 'Çocuk Saç Kesim - Hizmet Ödemesi | Onur Dilmen', 1, 24, NULL),
(43, '2025-04-24', NULL, 100, 'Saç Kesimi - Hizmet Ödemesi | Onur Dilmen', 1, 24, NULL),
(44, '2025-04-24', NULL, 100, 'Saç Kesimi - Hizmet Ödemesi | Onur Dilmen', 1, 24, NULL),
(45, '2025-04-24', NULL, 100, 'Saç Kesimi - Hizmet Ödemesi | Onur Dilmen', 1, 24, NULL),
(46, '2025-04-24', NULL, 250, 'Çocuk Saç Kesim - Hizmet Ödemesi | Onur Dilmen', 1, 24, NULL),
(47, '2025-04-24', NULL, 250, 'Çocuk Saç Kesim - Hizmet Ödemesi | Onur Dilmen', 1, 24, NULL),
(48, '2025-04-24', NULL, 250, 'Çocuk Saç Kesim - Hizmet Ödemesi | Onur Dilmen', 1, 24, NULL),
(49, '2025-04-24', NULL, 250, 'Çocuk Saç Kesim - Hizmet Ödemesi | Onur Dilmen', 1, 24, NULL),
(50, '2025-04-24', NULL, 250, 'Çocuk Saç Kesim - Hizmet Ödemesi | Onur Dilmen', 1, 24, NULL),
(51, '2025-04-24', NULL, 200, 'Sakal Kesimi - Hizmet Ödemesi | Onur Dilmen', 1, 24, NULL),
(52, '2025-04-24', NULL, 200, 'Sakal Kesimi - Hizmet Ödemesi | Onur Dilmen', 1, 24, NULL),
(53, '2025-04-24', NULL, 250, 'Çocuk Saç Kesim - Hizmet Ödemesi | Onur Dilmen', 1, 24, NULL),
(54, '2025-04-21', NULL, 200, 'Sakal Kesimi - Hizmet Ödemesi | Onur Dilmen', 1, 24, NULL),
(55, '2025-04-21', NULL, 200, 'Sakal Kesimi - Hizmet Ödemesi | Onur Dilmen', 1, 24, NULL);

-- --------------------------------------------------------

--
-- Table structure for table `canceled`
--

CREATE TABLE `canceled` (
  `id` int NOT NULL,
  `service` varchar(500) CHARACTER SET utf8mb4 COLLATE utf8mb4_unicode_ci NOT NULL,
  `providerID` varchar(500) CHARACTER SET utf8mb4 COLLATE utf8mb4_unicode_ci NOT NULL,
  `appDate` date NOT NULL,
  `startTime` time NOT NULL,
  `endTime` time DEFAULT NULL,
  `member` varchar(500) CHARACTER SET utf8mb4 COLLATE utf8mb4_unicode_ci NOT NULL,
  `rememberNoti` int NOT NULL DEFAULT '0',
  `lastRememberNoti` int NOT NULL DEFAULT '0'
) ENGINE=InnoDB DEFAULT CHARSET=utf8mb4 COLLATE=utf8mb4_unicode_ci;

--
-- Dumping data for table `canceled`
--

INSERT INTO `canceled` (`id`, `service`, `providerID`, `appDate`, `startTime`, `endTime`, `member`, `rememberNoti`, `lastRememberNoti`) VALUES
(7, '2', '8', '2024-11-14', '09:00:00', '09:45:00', '14', 0, 0),
(8, '2', '17', '2024-11-13', '19:00:00', '19:45:00', '14', 0, 0),
(9, '2', '17', '2024-11-13', '17:00:00', '17:45:00', '14', 0, 0),
(10, '2', '17', '2024-11-13', '18:00:00', '18:45:00', '14', 0, 0),
(11, '2', '17', '2024-11-13', '19:00:00', '19:45:00', '14', 0, 0),
(12, '2', '17', '2024-11-13', '17:00:00', '17:45:00', '14', 0, 0),
(13, '2', '8', '2025-03-28', '18:00:00', '18:45:00', '24', 0, 0),
(14, '2', '8', '2025-03-30', '16:00:00', '16:45:00', '24', 0, 0),
(15, '2', '8', '2025-03-30', '16:00:00', '16:45:00', '24', 0, 0),
(16, '2', '8', '2025-03-28', '22:00:00', '22:45:00', '24', 0, 0),
(17, '2', '8', '2025-03-28', '22:00:00', '22:45:00', '24', 0, 0),
(18, '2', '8', '2025-03-28', '17:00:00', '17:45:00', '24', 0, 0),
(19, '2', '8', '2025-03-28', '17:00:00', '17:45:00', '24', 0, 0),
(20, '41', '8', '2025-03-22', '08:00:00', '08:45:00', '24', 0, 0),
(21, '3', '8', '2025-04-15', '21:00:00', '21:30:00', '24', 0, 0),
(22, '3', '8', '2025-04-15', '23:30:00', '00:00:00', '24', 0, 0),
(23, '2', '8', '2025-04-19', '09:45:00', '10:30:00', '24', 0, 0),
(24, '47', '8', '2025-04-21', '13:00:00', '13:30:00', '24', 0, 0),
(25, '1', '8', '2025-04-16', '17:00:00', '18:00:00', '24', 0, 0),
(26, '1', '8', '2025-04-16', '14:00:00', '15:00:00', '24', 0, 0);

-- --------------------------------------------------------

--
-- Table structure for table `languages`
--

CREATE TABLE `languages` (
  `id` int NOT NULL,
  `name` varchar(100) CHARACTER SET utf8mb4 COLLATE utf8mb4_unicode_ci NOT NULL,
  `code` varchar(10) CHARACTER SET utf8mb4 COLLATE utf8mb4_unicode_ci NOT NULL
) ENGINE=MyISAM DEFAULT CHARSET=utf8mb4 COLLATE=utf8mb4_unicode_ci;

--
-- Dumping data for table `languages`
--

INSERT INTO `languages` (`id`, `name`, `code`) VALUES
(1, 'Türkçe', 'tr'),
(6, 'English', 'en');

-- --------------------------------------------------------

--
-- Table structure for table `members`
--

CREATE TABLE `members` (
  `id` int NOT NULL,
  `name` varchar(500) CHARACTER SET utf8mb4 COLLATE utf8mb4_unicode_ci NOT NULL,
  `email` varchar(500) CHARACTER SET utf8mb4 COLLATE utf8mb4_unicode_ci DEFAULT NULL,
  `phone` varchar(500) CHARACTER SET utf8mb4 COLLATE utf8mb4_unicode_ci NOT NULL,
  `birthday` varchar(500) CHARACTER SET utf8mb4 COLLATE utf8mb4_unicode_ci DEFAULT NULL,
  `birthdayTime` time NOT NULL DEFAULT '12:00:00',
  `members_note` longtext CHARACTER SET utf8mb4 COLLATE utf8mb4_unicode_ci
) ENGINE=MyISAM DEFAULT CHARSET=utf8mb4 COLLATE=utf8mb4_unicode_ci;

--
-- Dumping data for table `members`
--

INSERT INTO `members` (`id`, `name`, `email`, `phone`, `birthday`, `birthdayTime`, `members_note`) VALUES
(1, 'ahmet uyanık', '', '5394777104', NULL, '12:00:00', NULL),
(23, 'sefa uyanık', '', '5370642171', NULL, '12:00:00', NULL),
(3, 'muhammet özen', '', '5550210473', NULL, '12:00:00', NULL),
(7, 'Koray karın', '', '7894587458', NULL, '12:00:00', NULL),
(13, 'Şşşş sss', '', '1111111', NULL, '12:00:00', NULL),
(8, 'Koray karın', '', '6363747474', NULL, '12:00:00', NULL),
(9, 'Koray', '', '5324323681', NULL, '12:00:00', NULL),
(11, 'Lada vaz', '', '5459548706', NULL, '12:00:00', NULL),
(12, 'İhsan Can Taşkın', '', '5525933750', NULL, '12:00:00', NULL),
(14, 'test', '', '5324795613', NULL, '12:00:00', NULL),
(15, 'Ahmet Mehmet', '', '6666666666', NULL, '12:00:00', NULL),
(16, 'asdas', '', '1111111111', NULL, '12:00:00', NULL),
(18, 'Ali Ahmet', '', '2222222222', NULL, '12:00:00', NULL),
(19, 'Asdasdas', '', '3333333333', NULL, '12:00:00', NULL),
(20, 'sad asdasd', '', '1312321312', NULL, '12:00:00', NULL),
(21, 'adas ada', '', '1231231231', NULL, '12:00:00', NULL),
(22, 'Kerim Ünal', '', '5546038154', NULL, '12:00:00', NULL),
(24, 'Onur Dilmen', '', '5316250618', NULL, '12:00:00', NULL),
(25, 'Deneme', '', '5555555', NULL, '12:00:00', NULL),
(26, 'fasdfasd', '', '5321233232', NULL, '12:00:00', NULL),
(27, 'hami', '', '8508401141', NULL, '12:00:00', NULL),
(28, 'Uğur arslan', '', '5415332134', NULL, '12:00:00', NULL),
(29, 'Yasemin Dilmen', '', '5300964512', '', '12:00:00', NULL);

-- --------------------------------------------------------

--
-- Table structure for table `notification_log`
--

CREATE TABLE `notification_log` (
  `id` int NOT NULL,
  `appointment_id` int NOT NULL,
  `phone` varchar(20) NOT NULL,
  `notification_type` varchar(20) NOT NULL,
  `sent_at` datetime NOT NULL,
  `success` tinyint(1) DEFAULT '1'
) ENGINE=InnoDB DEFAULT CHARSET=utf8mb4 COLLATE=utf8mb4_0900_ai_ci;

--
-- Dumping data for table `notification_log`
--

INSERT INTO `notification_log` (`id`, `appointment_id`, `phone`, `notification_type`, `sent_at`, `success`) VALUES
(39, 260, '5316250618', 'randevu_olusturma', '2025-04-16 16:00:15', 1),
(40, 260, '905316250618', 'alindi', '2025-04-16 16:00:17', 0),
(41, 260, '', 'calisan_bildirim', '2025-04-16 16:00:17', 0);

-- --------------------------------------------------------

--
-- Table structure for table `notification_settings`
--

CREATE TABLE `notification_settings` (
  `id` int NOT NULL,
  `name` varchar(1000) CHARACTER SET utf8mb4 COLLATE utf8mb4_unicode_ci NOT NULL,
  `template` text CHARACTER SET utf8mb4 COLLATE utf8mb4_unicode_ci,
  `sendDays` varchar(10) CHARACTER SET utf8mb4 COLLATE utf8mb4_unicode_ci NOT NULL,
  `rememberTime` varchar(255) CHARACTER SET utf8mb4 COLLATE utf8mb4_unicode_ci DEFAULT NULL,
  `status` int NOT NULL DEFAULT '0'
) ENGINE=InnoDB DEFAULT CHARSET=utf8mb4 COLLATE=utf8mb4_unicode_ci;

--
-- Dumping data for table `notification_settings`
--

INSERT INTO `notification_settings` (`id`, `name`, `template`, `sendDays`, `rememberTime`, `status`) VALUES
(1, 'Randevu Alındı', 'Sayın {uyeAdi} 👋🏻, {tarih} günü {saat} saati için {hizmet} randevunuz oluşturulmuştur. Randevunuza gelemeyecekseniz İletişim numaramızdan bizlere bilgi vermenizi rica ederiz. İletişim: 05370642171', '0', '0', 1),
(2, 'Randevu Hatırlatma', 'Sayın {uyeAdi}  👋🏻 , {tarih} günü {saat} saati için {hizmet} randevunuzu hatırlatırız. Randevunuza gelemeyecekseniz İletişim numaramızdan bizlere bilgi vermenizi rica ederiz. İletişim: 05370642171', '1', '[\"1\"]', 1),
(3, 'Randevu Tekrarlama', 'Sayın {uyeAdi}, daha önce almış olduğunuz {hizmet} hizmetinin kalıcılığının sağlanması adına tekrarlanması gerekmektedir. Randevu almak için; https://randevu.mausyazilim.com', '10', '0', 0),
(4, 'Randevu Düzenlendi', 'Sayın {uyeAdi}, Randevunuz güncellenmiştir.{hizmet} randevunuz {yenitarih} günü {yenisaat} saatine alınmıştır. Randevunuza gelemeyecekseniz İletişim numaramızdan bizlere bilgi vermenizi rica ederiz. İletişim: 05370642171', '0', '0', 1),
(5, 'Doğum Günü Mesajı', 'Merhaba, {uyeAdi} doğum günün kutlu olsun!\r\nDoğum gününe özel tam %20 indirim! Hemen randevu al! {siteAdres}', '0', '0', 1),
(6, 'Memnuniyet Mesajı', 'Memnuniyet mesajı', '0', '', 1),
(7, 'Randevu iptal', 'Sayın {uyeAdi}, Sitemizden aldığınız randevunuz iptal edilmiştir. Tekrar randevu almak için: {siteadres}', '0', '0', 1);

-- --------------------------------------------------------

--
-- Table structure for table `orders`
--

CREATE TABLE `orders` (
  `id` int NOT NULL,
  `products` varchar(1000) CHARACTER SET utf8mb4 COLLATE utf8mb4_unicode_ci DEFAULT NULL,
  `memberID` int DEFAULT NULL,
  `orderDate` varchar(500) CHARACTER SET utf8mb4 COLLATE utf8mb4_unicode_ci DEFAULT NULL,
  `paymentStatus` int DEFAULT '0',
  `paymentMethod` varchar(200) CHARACTER SET utf8mb4 COLLATE utf8mb4_unicode_ci DEFAULT NULL,
  `orderFiyat` varchar(200) CHARACTER SET utf8mb4 COLLATE utf8mb4_unicode_ci DEFAULT NULL,
  `orderProvider` varchar(20) CHARACTER SET utf8mb4 COLLATE utf8mb4_unicode_ci NOT NULL,
  `kalanBorc` decimal(10,2) DEFAULT NULL
) ENGINE=InnoDB DEFAULT CHARSET=utf8mb4 COLLATE=utf8mb4_unicode_ci;

--
-- Dumping data for table `orders`
--

INSERT INTO `orders` (`id`, `products`, `memberID`, `orderDate`, `paymentStatus`, `paymentMethod`, `orderFiyat`, `orderProvider`, `kalanBorc`) VALUES
(36, '12', 51, '12-07-2024 18:28:00', 1, 'Nakit', '150', '8', 0.00);

-- --------------------------------------------------------

--
-- Table structure for table `payed_vested`
--

CREATE TABLE `payed_vested` (
  `id` int NOT NULL,
  `providerID` int NOT NULL,
  `amount` varchar(300) CHARACTER SET utf8mb4 COLLATE utf8mb4_unicode_ci NOT NULL,
  `date` varchar(300) CHARACTER SET utf8mb4 COLLATE utf8mb4_unicode_ci NOT NULL
) ENGINE=InnoDB DEFAULT CHARSET=utf8mb4 COLLATE=utf8mb4_unicode_ci;

--
-- Dumping data for table `payed_vested`
--

INSERT INTO `payed_vested` (`id`, `providerID`, `amount`, `date`) VALUES
(3, 8, '15', '12-07-2024 18:29:24');

-- --------------------------------------------------------

--
-- Table structure for table `products`
--

CREATE TABLE `products` (
  `id` int NOT NULL,
  `ad` longtext CHARACTER SET utf8mb4 COLLATE utf8mb4_unicode_ci NOT NULL,
  `aciklama` longtext CHARACTER SET utf8mb4 COLLATE utf8mb4_unicode_ci NOT NULL,
  `barcode` varchar(500) CHARACTER SET utf8mb4 COLLATE utf8mb4_unicode_ci DEFAULT NULL,
  `fiyat` varchar(20) CHARACTER SET utf8mb4 COLLATE utf8mb4_unicode_ci NOT NULL,
  `durum` int NOT NULL DEFAULT '1',
  `stok` int NOT NULL DEFAULT '0'
) ENGINE=InnoDB DEFAULT CHARSET=utf8mb4 COLLATE=utf8mb4_unicode_ci;

--
-- Dumping data for table `products`
--

INSERT INTO `products` (`id`, `ad`, `aciklama`, `barcode`, `fiyat`, `durum`, `stok`) VALUES
(12, 'Şampuan', 'Süper Şampuan', '121212', '150', 1, 14);

-- --------------------------------------------------------

--
-- Table structure for table `redirect`
--

CREATE TABLE `redirect` (
  `id` int NOT NULL,
  `url` longtext CHARACTER SET utf8mb4 COLLATE utf8mb4_unicode_ci NOT NULL,
  `appointment` int NOT NULL
) ENGINE=InnoDB DEFAULT CHARSET=utf8mb4 COLLATE=utf8mb4_unicode_ci;

--
-- Dumping data for table `redirect`
--

INSERT INTO `redirect` (`id`, `url`, `appointment`) VALUES
(51, 'AY28D860', 166),
(52, 'ByAmv746', 167),
(53, 'h50IJ835', 168),
(54, '5c0wY983', 169),
(56, 'yApAw497', 171),
(57, 'Pqc8r020', 172),
(58, 'ODqf6087', 173),
(59, 'hHpoI208', 174),
(60, 'ia6jD278', 175),
(61, 'GBj2P601', 176),
(62, '3XdXm404', 177),
(63, 'JFPOh968', 178),
(64, 'E0YnL201', 179),
(66, 'Z2wrA896', 181),
(68, '71rzW785', 183),
(69, 'p7KxF213', 184),
(70, 'PC7Xs062', 185),
(71, 'nVByO471', 186),
(72, 'pjCzu827', 187),
(73, 'wgiuW986', 188),
(74, 'rONpM172', 189),
(75, 'dEjUD210', 190),
(76, 'V1G7k197', 1),
(77, 'rjFJC221', 2),
(78, 'JUN5q893', 3),
(79, '2EYdb129', 4),
(80, 'T3Dpp225', 5),
(81, 'ojoEg813', 6),
(82, 'hL0Ct688', 7),
(83, 'oz1cn705', 8),
(84, 'U83th739', 9),
(85, 'YBa7r780', 10),
(86, 'FsKT1399', 11),
(87, 'KapTR409', 12),
(88, 'GrgNV098', 13),
(89, '7xtAM364', 14),
(90, 'oyr8O012', 15),
(91, 'QqTrU109', 17),
(92, 'EU20P470', 18),
(93, 'EyThO339', 19),
(94, 'ygykc388', 21),
(95, '3mdVG672', 22),
(96, 'SKXmy493', 23),
(97, '21sE5009', 25),
(98, 'NDMA8151', 26),
(99, 'bi3Ey927', 27),
(100, 'W9i8o951', 29),
(101, 'HAmGZ833', 32),
(102, 'Vtqxr417', 33),
(103, 'okbs8981', 34),
(104, 'g3PuO263', 35),
(106, 'OSRtF097', 37),
(108, 'lD7oQ686', 39),
(109, 'nWsGH150', 40),
(110, 'nbqEu403', 41),
(111, '35p4w656', 42),
(112, 'cGiAa761', 43),
(113, 'DXmwL060', 44),
(114, 'bn6Xf157', 45),
(115, 'r9buX845', 46),
(116, 'W56Ub259', 47),
(117, 'xD0uh955', 48),
(119, '4qOjP672', 50),
(120, 'ZlgQn969', 51),
(121, 'klAd0107', 52),
(122, 'HaBHG265', 53),
(123, 'ftlbx466', 54),
(124, 'OLfG8240', 55),
(125, 'BNJZq116', 56),
(126, 'jf8BV569', 57),
(127, 'Xqsi9879', 58),
(128, 'EFd6T057', 59),
(129, '6C4ev111', 60),
(130, '2oTb7603', 61),
(132, 'U6015700', 63),
(138, 'HvEdf527', 69),
(139, 'viRDm541', 70),
(140, 'wroXa555', 71),
(141, 'ygUDp452', 76),
(142, 'nSE6r465', 77),
(145, '8atOZ812', 82),
(146, 'L6tvX113', 83),
(147, 'WHkY9950', 84),
(148, 'DbzXP967', 85),
(149, 'rHll8028', 86),
(150, 'Sve56161', 87),
(151, '49Baw882', 88),
(152, 'CBDnE873', 89),
(153, 'rTqFC547', 91),
(156, 'x4rFD571', 95),
(165, 'AoYbt587', 104),
(166, 'oAd99775', 105),
(195, '1ZEI8495', 134),
(198, 'KGkf1577', 137),
(200, 'rQJDh973', 139),
(201, 'AthXf923', 140),
(202, '8ogiy628', 141),
(203, 'C6nL1659', 142),
(204, 'mNigE690', 143),
(219, 'qYOWd666', 158),
(221, 'DrsHi907', 160),
(222, 'V1MaE319', 161),
(227, 'hmQOD005', 166),
(228, 'S5eoj063', 167),
(229, 'Hez7w056', 168),
(230, 'kKT2t743', 169),
(231, '4ChqL777', 170),
(232, 'ICBYb822', 171),
(233, 'cwxzf082', 172),
(234, 'GfoZ5104', 173),
(235, 'FGwjH185', 174),
(236, '1NPhH074', 175),
(237, 'vfzu5099', 176),
(238, 'yD6CV195', 177),
(239, '24XVr279', 178),
(240, 'FAWlx956', 179),
(241, 'XhPxS805', 180),
(242, '9Vy18335', 181),
(243, 'SeisS668', 182),
(244, 'm8XGo344', 183),
(245, 'YpmWQ457', 184),
(246, 'nfNKe328', 185),
(247, 'P5Y0u056', 186),
(248, 'nIRSJ687', 187),
(249, 'iy581221', 188),
(250, 'Mda6Y950', 189),
(251, 'CKBNH242', 190),
(252, 'ykqMB449', 191),
(253, 'ZAVWc263', 192),
(254, 'h0aDB299', 193),
(255, '2BOUi800', 194),
(256, 'rbkKL249', 195),
(257, 'aA4XU806', 196),
(258, 'IRO4a869', 197),
(259, '9Ng3J046', 198),
(260, 'fRgS9786', 199),
(261, 'cNJ84866', 200),
(262, 'zCtjl045', 201),
(263, 'hnqxD373', 202),
(264, 'JhGGw644', 203),
(265, 'lWAWd691', 204),
(266, 'g4idX367', 205),
(267, 'is3jn560', 206),
(268, 'eql0C420', 207),
(269, 'P4KaC499', 208),
(270, 'lNbb7843', 209),
(271, '1NghX925', 210),
(272, 'C4vra003', 211),
(273, 'yEdgo355', 212),
(274, 'UzkvY398', 213),
(275, 'zJZcK482', 214),
(276, 'oFBln614', 215),
(277, 'qc6BR894', 216),
(278, 'IDfGA953', 217),
(279, 'f2JLb148', 218),
(280, 'NEiCd539', 219),
(281, 'qrfm2164', 220),
(282, 'X7UKi279', 221),
(283, 'ao6BV887', 222),
(284, 'gLyRb988', 223),
(285, 'ISx7e387', 224),
(286, 'AYZSz746', 225),
(287, 'lAuv8428', 226),
(288, '0W9vX520', 227),
(289, '5Y3Ge798', 228),
(290, 'TOLnQ055', 229),
(291, 'mes2Y651', 230),
(292, 'Lwel5575', 231),
(293, 'dFUdi400', 232),
(294, 'vGeQ8814', 233),
(295, 'XFpuN171', 234),
(296, 'oTUJJ420', 235),
(297, 'cbCTs554', 236),
(298, 'xlgv1424', 237),
(300, 'yrgKZ093', 239),
(301, 'SRNVn830', 240),
(302, 'EcLwV007', 241),
(303, 'hiNiK581', 242),
(304, '5biSb127', 243),
(305, 'DcT7a454', 244),
(306, 'wmAy8421', 245),
(307, 'teMqc623', 246),
(308, 'LiS5a329', 247),
(309, '3nG3p689', 248),
(310, '1CisL671', 249),
(311, 'kIKY2270', 250),
(312, '2etfu642', 251),
(313, 'RwCLg182', 252),
(314, '54AT1015', 253),
(315, 'HP4xV318', 254),
(316, 'r1uAc542', 255),
(317, 'yaJQr635', 256),
(318, 'bxetX769', 257),
(319, 'hrzEG881', 258),
(320, 'gX7Ap992', 259),
(321, 'OpX0x415', 260);

-- --------------------------------------------------------

--
-- Table structure for table `saatler`
--

CREATE TABLE `saatler` (
  `id` int NOT NULL,
  `provid` int DEFAULT NULL,
  `hizmet` int DEFAULT NULL,
  `tarih` varchar(255) CHARACTER SET utf8mb4 COLLATE utf8mb4_unicode_ci NOT NULL,
  `saat` varchar(255) CHARACTER SET utf8mb4 COLLATE utf8mb4_unicode_ci NOT NULL
) ENGINE=MyISAM DEFAULT CHARSET=utf8mb4 COLLATE=utf8mb4_unicode_ci;

--
-- Dumping data for table `saatler`
--

INSERT INTO `saatler` (`id`, `provid`, `hizmet`, `tarih`, `saat`) VALUES
(375, NULL, 1, '2025-04-01', '12:30'),
(374, NULL, 1, '2025-04-01', '11:45'),
(373, NULL, 1, '2025-04-01', '11:00'),
(372, NULL, 1, '2025-04-01', '10:15'),
(371, NULL, 1, '2025-04-01', '09:30'),
(370, NULL, 1, '2025-04-01', '08:45'),
(369, NULL, 1, '2025-04-01', '08:00'),
(450, 8, 1, '2025-04-13', '10:00'),
(449, 8, 1, '2025-04-13', '09:30'),
(448, 8, 1, '2025-04-13', '09:00'),
(447, 8, 1, '2025-04-13', '08:30'),
(446, 8, 1, '2025-04-13', '08:00');

-- --------------------------------------------------------

--
-- Table structure for table `services`
--

CREATE TABLE `services` (
  `id` int NOT NULL,
  `serviceName` varchar(500) CHARACTER SET utf8mb4 COLLATE utf8mb4_unicode_ci NOT NULL,
  `serviceDesc` varchar(500) CHARACTER SET utf8mb4 COLLATE utf8mb4_unicode_ci NOT NULL,
  `price` varchar(100) CHARACTER SET utf8mb4 COLLATE utf8mb4_unicode_ci DEFAULT NULL,
  `photo` varchar(500) CHARACTER SET utf8mb4 COLLATE utf8mb4_unicode_ci NOT NULL,
  `hour` varchar(10) CHARACTER SET utf8mb4 COLLATE utf8mb4_unicode_ci NOT NULL,
  `againDay` int NOT NULL DEFAULT '0',
  `status` int NOT NULL DEFAULT '1',
  `sira` int NOT NULL DEFAULT '0'
) ENGINE=InnoDB DEFAULT CHARSET=utf8mb4 COLLATE=utf8mb4_unicode_ci;

--
-- Dumping data for table `services`
--

INSERT INTO `services` (`id`, `serviceName`, `serviceDesc`, `price`, `photo`, `hour`, `againDay`, `status`, `sira`) VALUES
(1, 'Saç ve Sakal Kesim', 'Saç ve Sakal Kesim', '150', '', '60', 0, 1, 3),
(2, 'Saç Kesimi', 'Saç Kesimi', '100', '', '45', 0, 1, 1),
(3, 'Sakal Kesimi', 'Sakal Kesimi', '200', '', '30', 0, 1, 2),
(41, 'Çocuk Saç Kesim', 'Çocuk Saç Kesim', '250', '', '45', 0, 1, 7),
(43, 'Saç Bakım', 'Saç Bakım', '200', '', '30', 0, 1, 4),
(44, 'Keratin Bakım', 'Keratin Bakım', '300', '', '60', 0, 1, 8),
(46, 'Cilt Bakım', 'Cilt Bakım', '500', '', '15', 0, 1, 6),
(47, 'Fitnes clup', 'Kampanya', '10', '', '30', 0, 1, 5);

-- --------------------------------------------------------

--
-- Table structure for table `sms_history`
--

CREATE TABLE `sms_history` (
  `id` int NOT NULL,
  `member` varchar(500) CHARACTER SET utf8mb4 COLLATE utf8mb4_unicode_ci DEFAULT NULL,
  `number` varchar(500) CHARACTER SET utf8mb4 COLLATE utf8mb4_unicode_ci NOT NULL,
  `message` varchar(500) CHARACTER SET utf8mb4 COLLATE utf8mb4_unicode_ci NOT NULL,
  `time` varchar(500) CHARACTER SET utf8mb4 COLLATE utf8mb4_unicode_ci NOT NULL,
  `appointment_id` varchar(255) CHARACTER SET utf8mb4 COLLATE utf8mb4_unicode_ci NOT NULL,
  `remember_time` varchar(255) CHARACTER SET utf8mb4 COLLATE utf8mb4_unicode_ci NOT NULL
) ENGINE=InnoDB DEFAULT CHARSET=utf8mb4 COLLATE=utf8mb4_unicode_ci;

--
-- Dumping data for table `sms_history`
--

INSERT INTO `sms_history` (`id`, `member`, `number`, `message`, `time`, `appointment_id`, `remember_time`) VALUES
(1, '6', '5370642171', 'Randevunuza 1 saat kala hatırlatma: 2024-08-13 tarihinde, saat 00:00:00 de yapılacak randevunuz vardır.', '12/08/2024 23:29:57', '35', '1'),
(2, '3', '5550210473', 'Randevunuza 1 saat kala hatırlatma: 2024-08-13 tarihinde, saat 00:00:00 de yapılacak randevunuz vardır.', '12/08/2024 23:29:57', '34', '1'),
(3, '6', '5370642171', 'Sayın Sefa Uyanık,  13 Ağustos 2024 Salı  günü 09:00 saati için Saç Kesimi randevunuz oluşturulmuştur. Randevunuza gelemeyecekseniz İletişim numaramızdan bizlere bilgi vermenizi rica ederiz. İletişim: 05370642171 Randevunuzda Iptal ve değişiklik için:https://randevu.mausyazilim.com/r/sh5ac802', '12/08/2024 23:33:22', '', ''),
(4, '6', '5370642171', 'Randevunuza 3 saat kala hatırlatma: 2024-08-13 tarihinde, saat 02:00:00 de yapılacak randevunuz vardır.', '12/08/2024 23:34:51', '36', '3'),
(5, '6', '5370642171', 'Randevunuza 2 saat kala hatırlatma: 2024-08-13 tarihinde, saat 01:00:00 de yapılacak randevunuz vardır.', '12/08/2024 23:35:32', '36', '2'),
(6, '6', '5370642171', 'Randevunuza 1 saat kala hatırlatma: 2024-08-13 tarihinde, saat 00:00:00 de yapılacak randevunuz vardır.', '12/08/2024 23:37:27', '36', '1'),
(7, '6', '5370642171', 'Sayın Sefa Uyanık,  13 Ağustos 2024 Salı  günü 13:00 saati için Saç Kesimi randevunuz oluşturulmuştur. Randevunuza gelemeyecekseniz İletişim numaramızdan bizlere bilgi vermenizi rica ederiz. İletişim: 05370642171 Randevunuzda Iptal ve değişiklik için:https://randevu.mausyazilim.com/r/OSRtF097', '13/08/2024 09:38:17', '', ''),
(8, '6', '5370642171', 'Randevunuza 3 saat kala hatırlatma: 2024-08-13 tarihinde, saat 13:00:00 de yapılacak randevunuz vardır.', '13/08/2024 10:01:01', '37', '3'),
(9, '6', '5370642171', 'Randevunuza 2 saat kala hatırlatma: 2024-08-13 tarihinde, saat 13:00:00 de yapılacak randevunuz vardır.', '13/08/2024 11:01:02', '37', '2'),
(10, '6', '5370642171', 'Randevunuza 1 saat kala hatırlatma: 2024-08-13 tarihinde, saat 13:00:00 de yapılacak randevunuz vardır.', '13/08/2024 12:01:02', '37', '1'),
(11, '7', '7894587458', 'Sayın Koray karın,  21 Ağustos 2024 Çarşamba  günü 11:00 saati için Sakal Kesimi randevunuz oluşturulmuştur. Randevunuza gelemeyecekseniz İletişim numaramızdan bizlere bilgi vermenizi rica ederiz. İletişim: 05370642171 Randevunuzda Iptal ve değişiklik için:https://randevu.mausyazilim.com/r/SL5QL465', '20/08/2024 16:44:25', '', ''),
(12, '8', '6363747474', 'Sayın Koray karın,  20 Ağustos 2024 Salı  günü 17:00 saati için Saç Kesimi randevunuz oluşturulmuştur. Randevunuza gelemeyecekseniz İletişim numaramızdan bizlere bilgi vermenizi rica ederiz. İletişim: 05370642171 Randevunuzda Iptal ve değişiklik için:https://randevu.mausyazilim.com/r/lD7oQ686', '20/08/2024 16:48:06', '', ''),
(13, '9', '5324323681', 'Sayın Koray,  20 Ağustos 2024 Salı  günü 18:00 saati için Saç Kesimi randevunuz oluşturulmuştur. Randevunuza gelemeyecekseniz İletişim numaramızdan bizlere bilgi vermenizi rica ederiz. İletişim: 05370642171 Randevunuzda Iptal ve değişiklik için:https://randevu.mausyazilim.com/r/nWsGH150', '20/08/2024 16:55:50', '', ''),
(14, '9', '5324323681', 'Randevunuza 1 saat kala hatırlatma: 2024-08-20 tarihinde, saat 18:00:00 de yapılacak randevunuz vardır.', '20/08/2024 17:01:01', '40', '1'),
(15, '6', '5370642171', 'Sayın Sefa Uyanık,  22 Ağustos 2024 Perşembe  günü 09:00 saati için Saç Kesimi randevunuz oluşturulmuştur. Randevunuza gelemeyecekseniz İletişim numaramızdan bizlere bilgi vermenizi rica ederiz. İletişim: 05370642171 Randevunuzda Iptal ve değişiklik için:https://randevu.mausyazilim.com/r/nbqEu403', '22/08/2024 01:13:28', '', ''),
(16, '1', '5394777104', 'Sayın ahmet uyanık,  24 Ağustos 2024 Cumartesi  günü 15:00 saati için Saç Kesimi randevunuz oluşturulmuştur. Randevunuza gelemeyecekseniz İletişim numaramızdan bizlere bilgi vermenizi rica ederiz. İletişim: 05370642171 Randevunuzda Iptal ve değişiklik için:https://randevu.mausyazilim.com/r/35p4w656', '24/08/2024 11:37:36', '', ''),
(17, '1', '5394777104', 'Sayın ,  günü  saati için  randevunuzu hatırlatırız. Randevunuza gelemeyecekseniz İletişim numaramızdan bizlere bilgi vermenizi rica ederiz. İletişim: 05370642171', '24/08/2024 12:01:01', '42', '3'),
(18, '1', '5394777104', 'Sayın ,  günü  saati için  randevunuzu hatırlatırız. Randevunuza gelemeyecekseniz İletişim numaramızdan bizlere bilgi vermenizi rica ederiz. İletişim: 05370642171', '24/08/2024 13:01:01', '42', '2'),
(19, '1', '5394777104', 'Sayın ,  günü  saati için  randevunuzu hatırlatırız. Randevunuza gelemeyecekseniz İletişim numaramızdan bizlere bilgi vermenizi rica ederiz. İletişim: 05370642171', '24/08/2024 14:01:03', '42', '1'),
(20, '3', '5550210473', 'Sayın muhammet özen,  26 Ağustos 2024 Pazartesi  günü 09:00 saati için Saç Kesimi randevunuz oluşturulmuştur. Randevunuza gelemeyecekseniz İletişim numaramızdan bizlere bilgi vermenizi rica ederiz. İletişim: 05370642171 Randevunuzda Iptal ve değişiklik için:https://randevu.mausyazilim.com/r/cGiAa761', '25/08/2024 20:59:21', '', ''),
(23, '6', '5370642171', 'Sayın Sefa Uyanık,  26 Ağustos 2024 Pazartesi  günü 10:00 saati için Saç Kesimi randevunuz oluşturulmuştur. Randevunuza gelemeyecekseniz İletişim numaramızdan bizlere bilgi vermenizi rica ederiz. İletişim: 05370642171 Randevunuzda Iptal ve değişiklik için:https://randevu.mausyazilim.com/r/DXmwL060', '25/08/2024 21:04:27', '', ''),
(25, '3', '5550210473', 'Sayın muhammet özen,  26 Ağustos 2024 Pazartesi  günü 00:00 saati için Saç Kesimi randevunuzu hatırlatırız. Randevunuza gelemeyecekseniz İletişim numaramızdan bizlere bilgi vermenizi rica ederiz. İletişim: 05370642171', '25/08/2024 21:07:29', '43', '3'),
(26, '6', '5370642171', 'Sayın Sefa Uyanık,  26 Ağustos 2024 Pazartesi  günü 00:00 saati için Saç Kesimi randevunuzu hatırlatırız. Randevunuza gelemeyecekseniz İletişim numaramızdan bizlere bilgi vermenizi rica ederiz. İletişim: 05370642171', '25/08/2024 21:07:52', '44', '3'),
(27, '10', '5555555555', 'Sayın dasda,  26 Ağustos 2024 Pazartesi  günü 11:00 saati için Saç Kesimi randevunuz oluşturulmuştur. Randevunuza gelemeyecekseniz İletişim numaramızdan bizlere bilgi vermenizi rica ederiz. İletişim: 05370642171 Randevunuzda Iptal ve değişiklik için:https://randevu.mausyazilim.com/r/bn6Xf157', '25/08/2024 21:22:37', '', ''),
(28, '6', '5370642171', 'Sayın Sefa Uyanık, Randevunuz güncellenmiştir.Saç Kesimi randevunuz  26 Ağustos 2024 Pazartesi  günü 12:00 saatine alınmıştır. Randevunuza gelemeyecekseniz İletişim numaramızdan bizlere bilgi vermenizi rica ederiz. İletişim: 05370642171', '25/08/2024 23:01:48', '', ''),
(29, '6', '5370642171', 'Sayın Sefa Uyanık, Randevunuz güncellenmiştir.Sakal Kesimi randevunuz  27 Ağustos 2024 Salı  günü 11:00 saatine alınmıştır. Randevunuza gelemeyecekseniz İletişim numaramızdan bizlere bilgi vermenizi rica ederiz. İletişim: 05370642171', '25/08/2024 23:03:46', '', ''),
(30, '3', '5550210473', 'Sayın muhammet özen,  26 Ağustos 2024 Pazartesi  günü 09:00 saati için Saç Kesimi randevunuzu hatırlatırız. Randevunuza gelemeyecekseniz İletişim numaramızdan bizlere bilgi vermenizi rica ederiz. İletişim: 05370642171', '26/08/2024 07:01:01', '43', '2'),
(31, '10', '5555555555', 'Sayın dasda,  26 Ağustos 2024 Pazartesi  günü 11:00 saati için Saç Kesimi randevunuzu hatırlatırız. Randevunuza gelemeyecekseniz İletişim numaramızdan bizlere bilgi vermenizi rica ederiz. İletişim: 05370642171', '26/08/2024 08:01:01', '45', '3'),
(32, '3', '5550210473', 'Sayın muhammet özen,  26 Ağustos 2024 Pazartesi  günü 09:00 saati için Saç Kesimi randevunuzu hatırlatırız. Randevunuza gelemeyecekseniz İletişim numaramızdan bizlere bilgi vermenizi rica ederiz. İletişim: 05370642171', '26/08/2024 08:01:01', '43', '1'),
(33, '10', '5555555555', 'Sayın dasda,  26 Ağustos 2024 Pazartesi  günü 11:00 saati için Saç Kesimi randevunuzu hatırlatırız. Randevunuza gelemeyecekseniz İletişim numaramızdan bizlere bilgi vermenizi rica ederiz. İletişim: 05370642171', '26/08/2024 09:01:01', '45', '2'),
(34, '10', '5555555555', 'Sayın dasda,  26 Ağustos 2024 Pazartesi  günü 11:00 saati için Saç Kesimi randevunuzu hatırlatırız. Randevunuza gelemeyecekseniz İletişim numaramızdan bizlere bilgi vermenizi rica ederiz. İletişim: 05370642171', '26/08/2024 10:01:03', '45', '1'),
(35, '6', '5370642171', 'Sayın Sefa Uyanık,  27 Ağustos 2024 Salı  günü 11:00 saati için Sakal Kesimi randevunuzu hatırlatırız. Randevunuza gelemeyecekseniz İletişim numaramızdan bizlere bilgi vermenizi rica ederiz. İletişim: 05370642171', '27/08/2024 09:01:02', '44', '2'),
(36, '6', '5370642171', 'Sayın Sefa Uyanık,  27 Ağustos 2024 Salı  günü 11:00 saati için Sakal Kesimi randevunuzu hatırlatırız. Randevunuza gelemeyecekseniz İletişim numaramızdan bizlere bilgi vermenizi rica ederiz. İletişim: 05370642171', '27/08/2024 10:01:02', '44', '1'),
(37, '11', '5459548706', 'Sayın Lada vaz,  31 Ağustos 2024 Cumartesi  günü 10:00 saati için Sakal Kesimi randevunuz oluşturulmuştur. Randevunuza gelemeyecekseniz İletişim numaramızdan bizlere bilgi vermenizi rica ederiz. İletişim: 05370642171 Randevunuzda Iptal ve değişiklik için:https://randevu.mausyazilim.com/r/r9buX845', '28/08/2024 20:24:05', '', ''),
(38, '11', '5459548706', 'Sayın Lada vaz,  31 Ağustos 2024 Cumartesi  günü 10:00 saati için Sakal Kesimi randevunuzu hatırlatırız. Randevunuza gelemeyecekseniz İletişim numaramızdan bizlere bilgi vermenizi rica ederiz. İletişim: 05370642171', '31/08/2024 07:01:01', '46', '3'),
(39, '11', '5459548706', 'Sayın Lada vaz,  31 Ağustos 2024 Cumartesi  günü 10:00 saati için Sakal Kesimi randevunuzu hatırlatırız. Randevunuza gelemeyecekseniz İletişim numaramızdan bizlere bilgi vermenizi rica ederiz. İletişim: 05370642171', '31/08/2024 08:01:02', '46', '2'),
(40, '11', '5459548706', 'Sayın Lada vaz,  31 Ağustos 2024 Cumartesi  günü 10:00 saati için Sakal Kesimi randevunuzu hatırlatırız. Randevunuza gelemeyecekseniz İletişim numaramızdan bizlere bilgi vermenizi rica ederiz. İletişim: 05370642171', '31/08/2024 09:01:02', '46', '1'),
(41, '12', '5525933750', 'Sayın İhsan Can Taşkın,  12 Eylül 2024 Perşembe  günü 12:00 saati için Sakal Kesimi randevunuz oluşturulmuştur. Randevunuza gelemeyecekseniz İletişim numaramızdan bizlere bilgi vermenizi rica ederiz. İletişim: 05370642171 Randevunuzda Iptal ve değişiklik için:https://randevu.mausyazilim.com/r/W56Ub259', '11/09/2024 23:40:59', '', ''),
(42, '12', '5525933750', 'Sayın İhsan Can Taşkın,  12 Eylül 2024 Perşembe  günü 12:00 saati için Sakal Kesimi randevunuzu hatırlatırız. Randevunuza gelemeyecekseniz İletişim numaramızdan bizlere bilgi vermenizi rica ederiz. İletişim: 05370642171', '12/09/2024 09:01:02', '47', '3'),
(43, '12', '5525933750', 'Sayın İhsan Can Taşkın,  12 Eylül 2024 Perşembe  günü 12:00 saati için Sakal Kesimi randevunuzu hatırlatırız. Randevunuza gelemeyecekseniz İletişim numaramızdan bizlere bilgi vermenizi rica ederiz. İletişim: 05370642171', '12/09/2024 10:01:05', '47', '2'),
(44, '12', '5525933750', 'Sayın İhsan Can Taşkın,  12 Eylül 2024 Perşembe  günü 12:00 saati için Sakal Kesimi randevunuzu hatırlatırız. Randevunuza gelemeyecekseniz İletişim numaramızdan bizlere bilgi vermenizi rica ederiz. İletişim: 05370642171', '12/09/2024 11:01:02', '47', '1'),
(45, '6', '5370642171', 'Sayın Sefa Uyanık,  05 Ekim 2024 Cumartesi  günü 19:00 saati için Saç Kesimi randevunuz oluşturulmuştur. Randevunuza gelemeyecekseniz İletişim numaramızdan bizlere bilgi vermenizi rica ederiz. İletişim: 05370642171 Randevunuzda Iptal ve değişiklik için:https://randevu.myazilim.com.tr/r/xD0uh955', '05/10/2024 15:05:55', '', ''),
(46, '6', '5370642171', 'Sayın Sefa Uyanık,  05 Ekim 2024 Cumartesi  günü 19:00 saati için Saç Kesimi randevunuzu hatırlatırız. Randevunuza gelemeyecekseniz İletişim numaramızdan bizlere bilgi vermenizi rica ederiz. İletişim: 05370642171', '05/10/2024 17:34:01', '48', '2'),
(47, '6', '5370642171', 'Sayın Sefa Uyanık,  05 Ekim 2024 Cumartesi  günü 19:00 saati için Saç Kesimi randevunuzu hatırlatırız. Randevunuza gelemeyecekseniz İletişim numaramızdan bizlere bilgi vermenizi rica ederiz. İletişim: 05370642171', '05/10/2024 18:00:02', '48', '1'),
(48, '6', '5370642171', 'Sayın Sefa Uyanık,  05 Ekim 2024 Cumartesi  günü 22:00 saati için Saç Kesimi randevunuz oluşturulmuştur. Randevunuza gelemeyecekseniz İletişim numaramızdan bizlere bilgi vermenizi rica ederiz. İletişim: 05370642171 Randevunuzda Iptal ve değişiklik için:https://randevu.myazilim.com.tr/r/WzFEA737', '05/10/2024 18:05:38', '', ''),
(49, '6', '5370642171', 'Sayın Sefa Uyanık,  05 Ekim 2024 Cumartesi  günü 23:00 saati için Saç Kesimi randevunuz oluşturulmuştur. Randevunuza gelemeyecekseniz İletişim numaramızdan bizlere bilgi vermenizi rica ederiz. İletişim: 05370642171 Randevunuzda Iptal ve değişiklik için:https://randevu.myazilim.com.tr/r/4qOjP672', '05/10/2024 18:37:52', '', ''),
(50, '6', '5370642171', 'Sayın Sefa Uyanık,  05 Ekim 2024 Cumartesi  günü 23:00 saati için Saç Kesimi randevunuzu hatırlatırız. Randevunuza gelemeyecekseniz İletişim numaramızdan bizlere bilgi vermenizi rica ederiz. İletişim: 05370642171', '05/10/2024 20:00:01', '50', '3'),
(51, '6', '5370642171', 'Sayın Sefa Uyanık,  05 Ekim 2024 Cumartesi  günü 23:00 saati için Saç Kesimi randevunuzu hatırlatırız. Randevunuza gelemeyecekseniz İletişim numaramızdan bizlere bilgi vermenizi rica ederiz. İletişim: 05370642171', '05/10/2024 21:00:01', '50', '2'),
(52, '6', '5370642171', 'Sayın Sefa Uyanık,  05 Ekim 2024 Cumartesi  günü 23:00 saati için Saç Kesimi randevunuzu hatırlatırız. Randevunuza gelemeyecekseniz İletişim numaramızdan bizlere bilgi vermenizi rica ederiz. İletişim: 05370642171', '05/10/2024 22:00:02', '50', '1'),
(53, '13', '1111111', 'Sayın Şşşş sss,  07 Kasım 2024 Perşembe  günü 12:00 saati için Saç Kesimi randevunuz oluşturulmuştur. Randevunuza gelemeyecekseniz İletişim numaramızdan bizlere bilgi vermenizi rica ederiz. İletişim: 05370642171 Randevunuzda Iptal ve değişiklik için:https://randevu.myazilim.com.tr/r/ZlgQn969', '05/11/2024 11:56:09', '', ''),
(54, '13', '1111111', 'Sayın Şşşş sss,  07 Kasım 2024 Perşembe  günü 12:00 saati için Saç Kesimi randevunuzu hatırlatırız. Randevunuza gelemeyecekseniz İletişim numaramızdan bizlere bilgi vermenizi rica ederiz. İletişim: 05370642171', '07/11/2024 09:00:04', '51', '3'),
(55, '13', '1111111', 'Sayın Şşşş sss,  07 Kasım 2024 Perşembe  günü 12:00 saati için Saç Kesimi randevunuzu hatırlatırız. Randevunuza gelemeyecekseniz İletişim numaramızdan bizlere bilgi vermenizi rica ederiz. İletişim: 05370642171', '07/11/2024 10:00:03', '51', '2'),
(56, '13', '1111111', 'Sayın Şşşş sss,  07 Kasım 2024 Perşembe  günü 12:00 saati için Saç Kesimi randevunuzu hatırlatırız. Randevunuza gelemeyecekseniz İletişim numaramızdan bizlere bilgi vermenizi rica ederiz. İletişim: 05370642171', '07/11/2024 11:00:05', '51', '1'),
(57, '14', '5324795613', 'Sayın test,  12 Kasım 2024 Salı  günü 20:00 saati için Saç Kesimi randevunuz oluşturulmuştur. Randevunuza gelemeyecekseniz İletişim numaramızdan bizlere bilgi vermenizi rica ederiz. İletişim: 05370642171 Randevunuzda Iptal ve değişiklik için:https://randevu.myazilim.com.tr/r/klAd0107', '12/11/2024 13:25:07', '', ''),
(58, '14', '5324795613', 'Sayın test,  12 Kasım 2024 Salı  günü 19:00 saati için Saç Kesimi randevunuz oluşturulmuştur. Randevunuza gelemeyecekseniz İletişim numaramızdan bizlere bilgi vermenizi rica ederiz. İletişim: 05370642171 Randevunuzda Iptal ve değişiklik için:https://randevu.myazilim.com.tr/r/HaBHG265', '12/11/2024 14:01:06', '', ''),
(59, '14', '5324795613', 'Sayın test,  13 Kasım 2024 Çarşamba  günü 10:00 saati için Saç Kesimi randevunuz oluşturulmuştur. Randevunuza gelemeyecekseniz İletişim numaramızdan bizlere bilgi vermenizi rica ederiz. İletişim: 05370642171 Randevunuzda Iptal ve değişiklik için:https://randevu.myazilim.com.tr/r/ftlbx466', '12/11/2024 14:04:26', '', ''),
(60, '14', '5324795613', 'Sayın test,  12 Kasım 2024 Salı  günü 17:00 saati için Saç Kesimi randevunuz oluşturulmuştur. Randevunuza gelemeyecekseniz İletişim numaramızdan bizlere bilgi vermenizi rica ederiz. İletişim: 05370642171 Randevunuzda Iptal ve değişiklik için:https://randevu.myazilim.com.tr/r/OLfG8240', '12/11/2024 14:17:20', '', ''),
(61, '14', '5324795613', 'Sayın test,  12 Kasım 2024 Salı  günü 17:00 saati için Saç Kesimi randevunuzu hatırlatırız. Randevunuza gelemeyecekseniz İletişim numaramızdan bizlere bilgi vermenizi rica ederiz. İletişim: 05370642171', '12/11/2024 14:18:02', '55', '3'),
(62, '14', '5324795613', 'Sayın test,  12 Kasım 2024 Salı  günü 17:00 saati için Saç Kesimi randevunuzu hatırlatırız. Randevunuza gelemeyecekseniz İletişim numaramızdan bizlere bilgi vermenizi rica ederiz. İletişim: 05370642171', '12/11/2024 15:00:02', '55', '2'),
(63, '14', '5324795613', 'Sayın test,  12 Kasım 2024 Salı  günü 17:00 saati için Saç Kesimi randevunuzu hatırlatırız. Randevunuza gelemeyecekseniz İletişim numaramızdan bizlere bilgi vermenizi rica ederiz. İletişim: 05370642171', '12/11/2024 16:00:02', '55', '1'),
(64, '14', '5324795613', 'Sayın test,  12 Kasım 2024 Salı  günü 19:00 saati için Saç Kesimi randevunuzu hatırlatırız. Randevunuza gelemeyecekseniz İletişim numaramızdan bizlere bilgi vermenizi rica ederiz. İletişim: 05370642171', '12/11/2024 16:00:02', '53', '3'),
(65, '14', '5324795613', 'Sayın test,  12 Kasım 2024 Salı  günü 19:00 saati için Saç Kesimi randevunuzu hatırlatırız. Randevunuza gelemeyecekseniz İletişim numaramızdan bizlere bilgi vermenizi rica ederiz. İletişim: 05370642171', '12/11/2024 17:00:02', '53', '2'),
(66, '14', '5324795613', 'Sayın test,  12 Kasım 2024 Salı  günü 20:00 saati için Saç Kesimi randevunuzu hatırlatırız. Randevunuza gelemeyecekseniz İletişim numaramızdan bizlere bilgi vermenizi rica ederiz. İletişim: 05370642171', '12/11/2024 17:00:03', '52', '3'),
(67, '14', '5324795613', 'Sayın test,  12 Kasım 2024 Salı  günü 19:00 saati için Saç Kesimi randevunuzu hatırlatırız. Randevunuza gelemeyecekseniz İletişim numaramızdan bizlere bilgi vermenizi rica ederiz. İletişim: 05370642171', '12/11/2024 18:00:03', '53', '1'),
(68, '14', '5324795613', 'Sayın test,  12 Kasım 2024 Salı  günü 20:00 saati için Saç Kesimi randevunuzu hatırlatırız. Randevunuza gelemeyecekseniz İletişim numaramızdan bizlere bilgi vermenizi rica ederiz. İletişim: 05370642171', '12/11/2024 18:00:03', '52', '2'),
(69, '14', '5324795613', 'Sayın test,  12 Kasım 2024 Salı  günü 20:00 saati için Saç Kesimi randevunuzu hatırlatırız. Randevunuza gelemeyecekseniz İletişim numaramızdan bizlere bilgi vermenizi rica ederiz. İletişim: 05370642171', '12/11/2024 19:00:03', '52', '1'),
(70, '14', '5324795613', 'Sayın test,  13 Kasım 2024 Çarşamba  günü 10:00 saati için Saç Kesimi randevunuzu hatırlatırız. Randevunuza gelemeyecekseniz İletişim numaramızdan bizlere bilgi vermenizi rica ederiz. İletişim: 05370642171', '13/11/2024 07:00:02', '54', '3'),
(71, '14', '5324795613', 'Sayın test,  13 Kasım 2024 Çarşamba  günü 10:00 saati için Saç Kesimi randevunuzu hatırlatırız. Randevunuza gelemeyecekseniz İletişim numaramızdan bizlere bilgi vermenizi rica ederiz. İletişim: 05370642171', '13/11/2024 08:00:02', '54', '2'),
(72, '14', '5324795613', 'Sayın test,  13 Kasım 2024 Çarşamba  günü 10:00 saati için Saç Kesimi randevunuzu hatırlatırız. Randevunuza gelemeyecekseniz İletişim numaramızdan bizlere bilgi vermenizi rica ederiz. İletişim: 05370642171', '13/11/2024 09:00:02', '54', '1'),
(73, '14', '5324795613', 'Sayın test,  13 Kasım 2024 Çarşamba  günü 12:00 saati için Saç Kesimi randevunuz oluşturulmuştur. Randevunuza gelemeyecekseniz İletişim numaramızdan bizlere bilgi vermenizi rica ederiz. İletişim: 05370642171 Randevunuzda Iptal ve değişiklik için:https://randevu.myazilim.com.tr/r/BNJZq116', '13/11/2024 11:21:56', '', ''),
(74, '14', '5324795613', 'Sayın test,  13 Kasım 2024 Çarşamba  günü 12:00 saati için Saç Kesimi randevunuzu hatırlatırız. Randevunuza gelemeyecekseniz İletişim numaramızdan bizlere bilgi vermenizi rica ederiz. İletişim: 05370642171', '13/11/2024 11:22:01', '56', '1'),
(75, '10', '5555555555', 'Sayın dasda,  13 Kasım 2024 Çarşamba  günü 13:00 saati için Saç Kesimi randevunuz oluşturulmuştur. Randevunuza gelemeyecekseniz İletişim numaramızdan bizlere bilgi vermenizi rica ederiz. İletişim: 05370642171 Randevunuzda Iptal ve değişiklik için:https://randevu.myazilim.com.tr/r/jf8BV569', '13/11/2024 11:29:29', '', ''),
(76, '10', '5555555555', 'Sayın dasda,  13 Kasım 2024 Çarşamba  günü 13:00 saati için Saç Kesimi randevunuzu hatırlatırız. Randevunuza gelemeyecekseniz İletişim numaramızdan bizlere bilgi vermenizi rica ederiz. İletişim: 05370642171', '13/11/2024 11:30:03', '57', '2'),
(77, '10', '5555555555', 'Sayın dasda,  13 Kasım 2024 Çarşamba  günü 14:00 saati için Saç Kesimi randevunuz oluşturulmuştur. Randevunuza gelemeyecekseniz İletişim numaramızdan bizlere bilgi vermenizi rica ederiz. İletişim: 05370642171 Randevunuzda Iptal ve değişiklik için:https://randevu.myazilim.com.tr/r/Xqsi9879', '13/11/2024 11:34:39', '', ''),
(78, '10', '5555555555', 'Sayın dasda,  13 Kasım 2024 Çarşamba  günü 14:00 saati için Saç Kesimi randevunuzu hatırlatırız. Randevunuza gelemeyecekseniz İletişim numaramızdan bizlere bilgi vermenizi rica ederiz. İletişim: 05370642171', '13/11/2024 11:35:02', '58', '3'),
(79, '15', '6666666666', 'Sayın Ahmet Mehmet,  13 Kasım 2024 Çarşamba  günü 15:00 saati için Saç Kesimi randevunuz oluşturulmuştur. Randevunuza gelemeyecekseniz İletişim numaramızdan bizlere bilgi vermenizi rica ederiz. İletişim: 05370642171 Randevunuzda Iptal ve değişiklik için:https://randevu.myazilim.com.tr/r/EFd6T057', '13/11/2024 11:37:37', '', ''),
(80, '15', '6666666666', 'Sayın Ahmet Mehmet,  13 Kasım 2024 Çarşamba  günü 16:00 saati için Saç Kesimi randevunuz oluşturulmuştur. Randevunuza gelemeyecekseniz İletişim numaramızdan bizlere bilgi vermenizi rica ederiz. İletişim: 05370642171 Randevunuzda Iptal ve değişiklik için:https://randevu.myazilim.com.tr/r/6C4ev111', '13/11/2024 11:38:31', '', ''),
(81, '6', '5370642171', 'Sayın Sefa Uyanık,  15 Kasım 2024 Cuma  günü 09:00 saati için Saç Kesimi randevunuz oluşturulmuştur. Randevunuza gelemeyecekseniz İletişim numaramızdan bizlere bilgi vermenizi rica ederiz. İletişim: 05370642171 Randevunuzda Iptal ve değişiklik için:https://randevu.myazilim.com.tr/r/2oTb7603', '13/11/2024 11:46:43', '', ''),
(82, '14', '5324795613', 'Sayın test,  14 Kasım 2024 Perşembe  günü 09:00 saati için Saç Kesimi randevunuz oluşturulmuştur. Randevunuza gelemeyecekseniz İletişim numaramızdan bizlere bilgi vermenizi rica ederiz. İletişim: 05370642171 Randevunuzda Iptal ve değişiklik için:https://randevu.myazilim.com.tr/r/5oRyK690', '13/11/2024 11:48:10', '', ''),
(83, '14', '5324795613', 'Sayın test, Sitemizden aldığınız randevunuz iptal edilmiştir. Tekrar randevu almak için: https://randevu.myazilim.com.tr', '13/11/2024 11:56:39', '', ''),
(84, '15', '6666666666', 'Sayın Ahmet Mehmet,  13 Kasım 2024 Çarşamba  günü 15:00 saati için Saç Kesimi randevunuzu hatırlatırız. Randevunuza gelemeyecekseniz İletişim numaramızdan bizlere bilgi vermenizi rica ederiz. İletişim: 05370642171', '13/11/2024 12:00:02', '59', '3'),
(85, '10', '5555555555', 'Sayın dasda,  13 Kasım 2024 Çarşamba  günü 14:00 saati için Saç Kesimi randevunuzu hatırlatırız. Randevunuza gelemeyecekseniz İletişim numaramızdan bizlere bilgi vermenizi rica ederiz. İletişim: 05370642171', '13/11/2024 12:00:03', '58', '2'),
(86, '10', '5555555555', 'Sayın dasda,  13 Kasım 2024 Çarşamba  günü 13:00 saati için Saç Kesimi randevunuzu hatırlatırız. Randevunuza gelemeyecekseniz İletişim numaramızdan bizlere bilgi vermenizi rica ederiz. İletişim: 05370642171', '13/11/2024 12:00:03', '57', '1'),
(87, '15', '6666666666', 'Sayın Ahmet Mehmet,  13 Kasım 2024 Çarşamba  günü 20:00 saati için Saç Kesimi randevunuz oluşturulmuştur. Randevunuza gelemeyecekseniz İletişim numaramızdan bizlere bilgi vermenizi rica ederiz. İletişim: 05370642171 Randevunuzda Iptal ve değişiklik için:https://randevu.myazilim.com.tr/r/U6015700', '13/11/2024 12:05:03', '', ''),
(88, '14', '5324795613', 'Sayın test,  13 Kasım 2024 Çarşamba  günü 19:00 saati için Saç Kesimi randevunuz oluşturulmuştur. Randevunuza gelemeyecekseniz İletişim numaramızdan bizlere bilgi vermenizi rica ederiz. İletişim: 05370642171 Randevunuzda Iptal ve değişiklik için:https://randevu.myazilim.com.tr/r/iNQ9g735', '13/11/2024 12:05:35', '', ''),
(89, '14', '5324795613', 'Sayın test, Sitemizden aldığınız randevunuz iptal edilmiştir. Tekrar randevu almak için: https://randevu.myazilim.com.tr', '13/11/2024 12:05:49', '', ''),
(90, '14', '5324795613', 'Sayın test,  13 Kasım 2024 Çarşamba  günü 17:00 saati için Saç Kesimi randevunuz oluşturulmuştur. Randevunuza gelemeyecekseniz İletişim numaramızdan bizlere bilgi vermenizi rica ederiz. İletişim: 05370642171 Randevunuzda Iptal ve değişiklik için:https://randevu.myazilim.com.tr/r/vubGZ918', '13/11/2024 12:08:38', '', ''),
(91, '14', '5324795613', 'Sayın test, Sitemizden aldığınız randevunuz iptal edilmiştir. Tekrar randevu almak için: https://randevu.myazilim.com.tr', '13/11/2024 12:08:59', '', ''),
(92, '14', '5324795613', 'Sayın test,  13 Kasım 2024 Çarşamba  günü 18:00 saati için Saç Kesimi randevunuz oluşturulmuştur. Randevunuza gelemeyecekseniz İletişim numaramızdan bizlere bilgi vermenizi rica ederiz. İletişim: 05370642171 Randevunuzda Iptal ve değişiklik için:https://randevu.myazilim.com.tr/r/682pz222', '13/11/2024 12:13:43', '', ''),
(93, '14', '5324795613', 'Sayın test, Sitemizden aldığınız randevunuz iptal edilmiştir. Tekrar randevu almak için: https://randevu.myazilim.com.tr', '13/11/2024 12:14:14', '', ''),
(94, '14', '5324795613', 'Sayın test,  13 Kasım 2024 Çarşamba  günü 19:00 saati için Saç Kesimi randevunuz oluşturulmuştur. Randevunuza gelemeyecekseniz İletişim numaramızdan bizlere bilgi vermenizi rica ederiz. İletişim: 05370642171 Randevunuzda Iptal ve değişiklik için:https://randevu.myazilim.com.tr/r/W6PJZ569', '13/11/2024 12:19:29', '', ''),
(95, '14', '5324795613', 'Sayın test, Sitemizden aldığınız randevunuz iptal edilmiştir. Tekrar randevu almak için: https://randevu.myazilim.com.tr', '13/11/2024 12:19:52', '', ''),
(96, '14', '5324795613', 'Sayın test,  13 Kasım 2024 Çarşamba  günü 17:00 saati için Saç Kesimi randevunuz oluşturulmuştur. Randevunuza gelemeyecekseniz İletişim numaramızdan bizlere bilgi vermenizi rica ederiz. İletişim: 05370642171 Randevunuzda Iptal ve değişiklik için:https://randevu.myazilim.com.tr/r/pMjue695', '13/11/2024 12:21:35', '', ''),
(97, '14', '5324795613', 'Sayın test, Sitemizden aldığınız randevunuz iptal edilmiştir. Tekrar randevu almak için: https://randevu.myazilim.com.tr', '13/11/2024 12:22:05', '', ''),
(98, '15', '6666666666', 'Sayın Ahmet Mehmet,  13 Kasım 2024 Çarşamba  günü 16:00 saati için Saç Kesimi randevunuzu hatırlatırız. Randevunuza gelemeyecekseniz İletişim numaramızdan bizlere bilgi vermenizi rica ederiz. İletişim: 05370642171', '13/11/2024 13:00:03', '60', '3'),
(99, '15', '6666666666', 'Sayın Ahmet Mehmet,  13 Kasım 2024 Çarşamba  günü 15:00 saati için Saç Kesimi randevunuzu hatırlatırız. Randevunuza gelemeyecekseniz İletişim numaramızdan bizlere bilgi vermenizi rica ederiz. İletişim: 05370642171', '13/11/2024 13:00:03', '59', '2'),
(100, '10', '5555555555', 'Sayın dasda,  13 Kasım 2024 Çarşamba  günü 14:00 saati için Saç Kesimi randevunuzu hatırlatırız. Randevunuza gelemeyecekseniz İletişim numaramızdan bizlere bilgi vermenizi rica ederiz. İletişim: 05370642171', '13/11/2024 13:00:03', '58', '1'),
(101, '10', '5555555555', 'Sayın dasda,  13 Kasım 2024 Çarşamba  günü 17:00 saati için Saç Kesimi randevunuz oluşturulmuştur. Randevunuza gelemeyecekseniz İletişim numaramızdan bizlere bilgi vermenizi rica ederiz. İletişim: 05370642171 Randevunuzda Iptal ve değişiklik için:https://randevu.myazilim.com.tr/r/HvEdf527', '13/11/2024 13:58:47', '', ''),
(102, '10', '5555555555', 'Sayın dasda,  13 Kasım 2024 Çarşamba  günü 18:00 saati için Saç Kesimi randevunuz oluşturulmuştur. Randevunuza gelemeyecekseniz İletişim numaramızdan bizlere bilgi vermenizi rica ederiz. İletişim: 05370642171 Randevunuzda Iptal ve değişiklik için:https://randevu.myazilim.com.tr/r/viRDm541', '13/11/2024 13:59:01', '', ''),
(103, '10', '5555555555', 'Sayın dasda,  13 Kasım 2024 Çarşamba  günü 19:00 saati için Saç Kesimi randevunuz oluşturulmuştur. Randevunuza gelemeyecekseniz İletişim numaramızdan bizlere bilgi vermenizi rica ederiz. İletişim: 05370642171 Randevunuzda Iptal ve değişiklik için:https://randevu.myazilim.com.tr/r/wroXa555', '13/11/2024 13:59:16', '', ''),
(104, '10', '5555555555', 'Sayın dasda,  13 Kasım 2024 Çarşamba  günü 17:00 saati için Saç Kesimi randevunuzu hatırlatırız. Randevunuza gelemeyecekseniz İletişim numaramızdan bizlere bilgi vermenizi rica ederiz. İletişim: 05370642171', '13/11/2024 14:00:04', '69', '3'),
(105, '15', '6666666666', 'Sayın Ahmet Mehmet,  13 Kasım 2024 Çarşamba  günü 16:00 saati için Saç Kesimi randevunuzu hatırlatırız. Randevunuza gelemeyecekseniz İletişim numaramızdan bizlere bilgi vermenizi rica ederiz. İletişim: 05370642171', '13/11/2024 14:00:06', '60', '2'),
(106, '15', '6666666666', 'Sayın Ahmet Mehmet,  13 Kasım 2024 Çarşamba  günü 15:00 saati için Saç Kesimi randevunuzu hatırlatırız. Randevunuza gelemeyecekseniz İletişim numaramızdan bizlere bilgi vermenizi rica ederiz. İletişim: 05370642171', '13/11/2024 14:00:07', '59', '1'),
(107, '10', '5555555555', 'Sayın dasda,  13 Kasım 2024 Çarşamba  günü 18:00 saati için Saç Kesimi randevunuzu hatırlatırız. Randevunuza gelemeyecekseniz İletişim numaramızdan bizlere bilgi vermenizi rica ederiz. İletişim: 05370642171', '13/11/2024 15:00:03', '70', '3'),
(108, '10', '5555555555', 'Sayın dasda,  13 Kasım 2024 Çarşamba  günü 17:00 saati için Saç Kesimi randevunuzu hatırlatırız. Randevunuza gelemeyecekseniz İletişim numaramızdan bizlere bilgi vermenizi rica ederiz. İletişim: 05370642171', '13/11/2024 15:00:03', '69', '2'),
(109, '15', '6666666666', 'Sayın Ahmet Mehmet,  13 Kasım 2024 Çarşamba  günü 16:00 saati için Saç Kesimi randevunuzu hatırlatırız. Randevunuza gelemeyecekseniz İletişim numaramızdan bizlere bilgi vermenizi rica ederiz. İletişim: 05370642171', '13/11/2024 15:00:03', '60', '1'),
(110, '10', '5555555555', 'Sayın dasda,  13 Kasım 2024 Çarşamba  günü 19:00 saati için Saç Kesimi randevunuzu hatırlatırız. Randevunuza gelemeyecekseniz İletişim numaramızdan bizlere bilgi vermenizi rica ederiz. İletişim: 05370642171', '13/11/2024 16:00:02', '71', '3'),
(111, '10', '5555555555', 'Sayın dasda,  13 Kasım 2024 Çarşamba  günü 18:00 saati için Saç Kesimi randevunuzu hatırlatırız. Randevunuza gelemeyecekseniz İletişim numaramızdan bizlere bilgi vermenizi rica ederiz. İletişim: 05370642171', '13/11/2024 16:00:03', '70', '2'),
(112, '10', '5555555555', 'Sayın dasda,  13 Kasım 2024 Çarşamba  günü 17:00 saati için Saç Kesimi randevunuzu hatırlatırız. Randevunuza gelemeyecekseniz İletişim numaramızdan bizlere bilgi vermenizi rica ederiz. İletişim: 05370642171', '13/11/2024 16:00:03', '69', '1'),
(113, '10', '5555555555', 'Sayın dasda,  13 Kasım 2024 Çarşamba  günü 19:00 saati için Saç Kesimi randevunuzu hatırlatırız. Randevunuza gelemeyecekseniz İletişim numaramızdan bizlere bilgi vermenizi rica ederiz. İletişim: 05370642171', '13/11/2024 17:00:05', '71', '2'),
(114, '10', '5555555555', 'Sayın dasda,  13 Kasım 2024 Çarşamba  günü 18:00 saati için Saç Kesimi randevunuzu hatırlatırız. Randevunuza gelemeyecekseniz İletişim numaramızdan bizlere bilgi vermenizi rica ederiz. İletişim: 05370642171', '13/11/2024 17:00:07', '70', '1'),
(115, '15', '6666666666', 'Sayın Ahmet Mehmet,  13 Kasım 2024 Çarşamba  günü 20:00 saati için Saç Kesimi randevunuzu hatırlatırız. Randevunuza gelemeyecekseniz İletişim numaramızdan bizlere bilgi vermenizi rica ederiz. İletişim: 05370642171', '13/11/2024 17:00:08', '63', '3'),
(116, '10', '5555555555', 'Sayın dasda,  13 Kasım 2024 Çarşamba  günü 19:00 saati için Saç Kesimi randevunuzu hatırlatırız. Randevunuza gelemeyecekseniz İletişim numaramızdan bizlere bilgi vermenizi rica ederiz. İletişim: 05370642171', '13/11/2024 18:00:02', '71', '1'),
(117, '15', '6666666666', 'Sayın Ahmet Mehmet,  13 Kasım 2024 Çarşamba  günü 20:00 saati için Saç Kesimi randevunuzu hatırlatırız. Randevunuza gelemeyecekseniz İletişim numaramızdan bizlere bilgi vermenizi rica ederiz. İletişim: 05370642171', '13/11/2024 18:00:03', '63', '2'),
(118, '15', '6666666666', 'Sayın Ahmet Mehmet,  13 Kasım 2024 Çarşamba  günü 20:00 saati için Saç Kesimi randevunuzu hatırlatırız. Randevunuza gelemeyecekseniz İletişim numaramızdan bizlere bilgi vermenizi rica ederiz. İletişim: 05370642171', '13/11/2024 19:00:03', '63', '1'),
(119, '16', '1111111111', 'Sayın asdas,  14 Kasım 2024 Perşembe  günü 17:00 saati için Saç Kesimi randevunuz oluşturulmuştur. Randevunuza gelemeyecekseniz İletişim numaramızdan bizlere bilgi vermenizi rica ederiz. İletişim: 05370642171 Randevunuzda Iptal ve değişiklik için:https://randevu.myazilim.com.tr/r/ygUDp452', '14/11/2024 16:54:12', '', ''),
(120, '16', '1111111111', 'Sayın asdas,  14 Kasım 2024 Perşembe  günü 18:00 saati için Saç Kesimi randevunuz oluşturulmuştur. Randevunuza gelemeyecekseniz İletişim numaramızdan bizlere bilgi vermenizi rica ederiz. İletişim: 05370642171 Randevunuzda Iptal ve değişiklik için:https://randevu.myazilim.com.tr/r/nSE6r465', '14/11/2024 16:54:25', '', ''),
(121, '17', '2222222222', 'Sayın qqqq,  14 Kasım 2024 Perşembe  günü 19:00 saati için Saç Kesimi randevunuz oluşturulmuştur. Randevunuza gelemeyecekseniz İletişim numaramızdan bizlere bilgi vermenizi rica ederiz. İletişim: 05370642171 Randevunuzda Iptal ve değişiklik için:https://randevu.myazilim.com.tr/r/VHhGa482', '14/11/2024 16:54:42', '', ''),
(122, '17', '2222222222', 'Sayın qqqq,  14 Kasım 2024 Perşembe  günü 20:00 saati için Saç Kesimi randevunuz oluşturulmuştur. Randevunuza gelemeyecekseniz İletişim numaramızdan bizlere bilgi vermenizi rica ederiz. İletişim: 05370642171 Randevunuzda Iptal ve değişiklik için:https://randevu.myazilim.com.tr/r/PzkV2497', '14/11/2024 16:54:57', '', ''),
(123, '17', '2222222222', 'Sayın qqqq,  14 Kasım 2024 Perşembe  günü 19:00 saati için Saç Kesimi randevunuzu hatırlatırız. Randevunuza gelemeyecekseniz İletişim numaramızdan bizlere bilgi vermenizi rica ederiz. İletişim: 05370642171', '14/11/2024 16:55:02', '78', '3'),
(124, '16', '1111111111', 'Sayın asdas,  14 Kasım 2024 Perşembe  günü 18:00 saati için Saç Kesimi randevunuzu hatırlatırız. Randevunuza gelemeyecekseniz İletişim numaramızdan bizlere bilgi vermenizi rica ederiz. İletişim: 05370642171', '14/11/2024 16:55:02', '77', '2'),
(125, '16', '1111111111', 'Sayın asdas,  14 Kasım 2024 Perşembe  günü 17:00 saati için Saç Kesimi randevunuzu hatırlatırız. Randevunuza gelemeyecekseniz İletişim numaramızdan bizlere bilgi vermenizi rica ederiz. İletişim: 05370642171', '14/11/2024 16:55:02', '76', '1'),
(126, '17', '2222222222', 'Sayın qqqq,  14 Kasım 2024 Perşembe  günü 20:00 saati için Saç Kesimi randevunuzu hatırlatırız. Randevunuza gelemeyecekseniz İletişim numaramızdan bizlere bilgi vermenizi rica ederiz. İletişim: 05370642171', '14/11/2024 17:00:03', '79', '3'),
(127, '17', '2222222222', 'Sayın qqqq,  14 Kasım 2024 Perşembe  günü 19:00 saati için Saç Kesimi randevunuzu hatırlatırız. Randevunuza gelemeyecekseniz İletişim numaramızdan bizlere bilgi vermenizi rica ederiz. İletişim: 05370642171', '14/11/2024 17:00:03', '78', '2'),
(128, '16', '1111111111', 'Sayın asdas,  14 Kasım 2024 Perşembe  günü 18:00 saati için Saç Kesimi randevunuzu hatırlatırız. Randevunuza gelemeyecekseniz İletişim numaramızdan bizlere bilgi vermenizi rica ederiz. İletişim: 05370642171', '14/11/2024 17:00:03', '77', '1'),
(129, '6', '5370642171', 'Sayın Sefa Uyanık,  15 Kasım 2024 Cuma  günü 09:00 saati için Saç Kesimi randevunuzu hatırlatırız. Randevunuza gelemeyecekseniz İletişim numaramızdan bizlere bilgi vermenizi rica ederiz. İletişim: 05370642171', '15/11/2024 06:00:10', '61', '3'),
(130, '6', '5370642171', 'Sayın Sefa Uyanık,  15 Kasım 2024 Cuma  günü 09:00 saati için Saç Kesimi randevunuzu hatırlatırız. Randevunuza gelemeyecekseniz İletişim numaramızdan bizlere bilgi vermenizi rica ederiz. İletişim: 05370642171', '15/11/2024 07:00:02', '61', '2'),
(131, '6', '5370642171', 'Sayın Sefa Uyanık,  15 Kasım 2024 Cuma  günü 09:00 saati için Saç Kesimi randevunuzu hatırlatırız. Randevunuza gelemeyecekseniz İletişim numaramızdan bizlere bilgi vermenizi rica ederiz. İletişim: 05370642171', '15/11/2024 08:00:02', '61', '1'),
(132, '15', '6666666666', 'Sayın Ahmet Mehmet,  15 Kasım 2024 Cuma  günü 20:00 saati için Saç Kesimi randevunuz oluşturulmuştur. Randevunuza gelemeyecekseniz İletişim numaramızdan bizlere bilgi vermenizi rica ederiz. İletişim: 05370642171 Randevunuzda Iptal ve değişiklik için:https://randevu.myazilim.com.tr/r/8atOZ812', '15/11/2024 14:56:52', '', ''),
(133, '15', '6666666666', 'Sayın Ahmet Mehmet,  15 Kasım 2024 Cuma  günü 20:00 saati için Saç Kesimi randevunuzu hatırlatırız. Randevunuza gelemeyecekseniz İletişim numaramızdan bizlere bilgi vermenizi rica ederiz. İletişim: 05370642171', '15/11/2024 17:00:02', '82', '3'),
(134, '15', '6666666666', 'Sayın Ahmet Mehmet,  15 Kasım 2024 Cuma  günü 20:00 saati için Saç Kesimi randevunuzu hatırlatırız. Randevunuza gelemeyecekseniz İletişim numaramızdan bizlere bilgi vermenizi rica ederiz. İletişim: 05370642171', '15/11/2024 18:00:02', '82', '2'),
(135, '15', '6666666666', 'Sayın Ahmet Mehmet,  15 Kasım 2024 Cuma  günü 20:00 saati için Saç Kesimi randevunuzu hatırlatırız. Randevunuza gelemeyecekseniz İletişim numaramızdan bizlere bilgi vermenizi rica ederiz. İletişim: 05370642171', '15/11/2024 19:00:02', '82', '1'),
(136, '16', '1111111111', 'Sayın asdas,  16 Kasım 2024 Cumartesi  günü 14:00 saati için Saç Kesimi randevunuz oluşturulmuştur. Randevunuza gelemeyecekseniz İletişim numaramızdan bizlere bilgi vermenizi rica ederiz. İletişim: 05370642171 Randevunuzda Iptal ve değişiklik için:https://randevu.myazilim.com.tr/r/L6tvX113', '16/11/2024 13:31:53', '', ''),
(137, '16', '1111111111', 'Sayın asdas,  16 Kasım 2024 Cumartesi  günü 14:00 saati için Saç Kesimi randevunuzu hatırlatırız. Randevunuza gelemeyecekseniz İletişim numaramızdan bizlere bilgi vermenizi rica ederiz. İletişim: 05370642171', '16/11/2024 13:32:02', '83', '1'),
(138, '16', '1111111111', 'Sayın asdas,  18 Kasım 2024 Pazartesi  günü 14:00 saati için Saç Kesimi randevunuz oluşturulmuştur. Randevunuza gelemeyecekseniz İletişim numaramızdan bizlere bilgi vermenizi rica ederiz. İletişim: 05370642171 Randevunuzda Iptal ve değişiklik için:https://randevu.myazilim.com.tr/r/WHkY9950', '18/11/2024 13:32:30', '', ''),
(139, '18', '2222222222', 'Sayın Ali Ahmet,  18 Kasım 2024 Pazartesi  günü 15:00 saati için Saç Kesimi randevunuz oluşturulmuştur. Randevunuza gelemeyecekseniz İletişim numaramızdan bizlere bilgi vermenizi rica ederiz. İletişim: 05370642171 Randevunuzda Iptal ve değişiklik için:https://randevu.myazilim.com.tr/r/DbzXP967', '18/11/2024 13:32:47', '', ''),
(140, '18', '2222222222', 'Sayın Ali Ahmet,  18 Kasım 2024 Pazartesi  günü 15:00 saati için Saç Kesimi randevunuzu hatırlatırız. Randevunuza gelemeyecekseniz İletişim numaramızdan bizlere bilgi vermenizi rica ederiz. İletişim: 05370642171', '18/11/2024 13:33:01', '85', '2'),
(141, '16', '1111111111', 'Sayın asdas,  18 Kasım 2024 Pazartesi  günü 14:00 saati için Saç Kesimi randevunuzu hatırlatırız. Randevunuza gelemeyecekseniz İletişim numaramızdan bizlere bilgi vermenizi rica ederiz. İletişim: 05370642171', '18/11/2024 13:33:02', '84', '1'),
(142, '19', '3333333333', 'Sayın Asdasdas,  18 Kasım 2024 Pazartesi  günü 16:00 saati için Saç Kesimi randevunuz oluşturulmuştur. Randevunuza gelemeyecekseniz İletişim numaramızdan bizlere bilgi vermenizi rica ederiz. İletişim: 05370642171 Randevunuzda Iptal ve değişiklik için:https://randevu.myazilim.com.tr/r/rHll8028', '18/11/2024 13:33:48', '', ''),
(143, '19', '3333333333', 'Sayın Asdasdas,  18 Kasım 2024 Pazartesi  günü 16:00 saati için Saç Kesimi randevunuzu hatırlatırız. Randevunuza gelemeyecekseniz İletişim numaramızdan bizlere bilgi vermenizi rica ederiz. İletişim: 05370642171', '18/11/2024 13:34:01', '86', '3'),
(144, '14', '5324795613', 'Sayın test,  18 Kasım 2024 Pazartesi  günü 17:00 saati için Saç Kesimi randevunuz oluşturulmuştur. Randevunuza gelemeyecekseniz İletişim numaramızdan bizlere bilgi vermenizi rica ederiz. İletişim: 05370642171 Randevunuzda Iptal ve değişiklik için:https://randevu.myazilim.com.tr/r/Sve56161', '18/11/2024 13:36:02', '', ''),
(145, '14', '5324795613', 'Sayın test,  18 Kasım 2024 Pazartesi  günü 17:00 saati için Saç Kesimi randevunuzu hatırlatırız. Randevunuza gelemeyecekseniz İletişim numaramızdan bizlere bilgi vermenizi rica ederiz. İletişim: 05370642171', '18/11/2024 14:00:03', '87', '3'),
(146, '19', '3333333333', 'Sayın Asdasdas,  18 Kasım 2024 Pazartesi  günü 16:00 saati için Saç Kesimi randevunuzu hatırlatırız. Randevunuza gelemeyecekseniz İletişim numaramızdan bizlere bilgi vermenizi rica ederiz. İletişim: 05370642171', '18/11/2024 14:00:03', '86', '2'),
(147, '18', '2222222222', 'Sayın Ali Ahmet,  18 Kasım 2024 Pazartesi  günü 15:00 saati için Saç Kesimi randevunuzu hatırlatırız. Randevunuza gelemeyecekseniz İletişim numaramızdan bizlere bilgi vermenizi rica ederiz. İletişim: 05370642171', '18/11/2024 14:00:03', '85', '1'),
(148, '14', '5324795613', 'Sayın test,  18 Kasım 2024 Pazartesi  günü 17:00 saati için Saç Kesimi randevunuzu hatırlatırız. Randevunuza gelemeyecekseniz İletişim numaramızdan bizlere bilgi vermenizi rica ederiz. İletişim: 05370642171', '18/11/2024 15:00:03', '87', '2'),
(149, '19', '3333333333', 'Sayın Asdasdas,  18 Kasım 2024 Pazartesi  günü 16:00 saati için Saç Kesimi randevunuzu hatırlatırız. Randevunuza gelemeyecekseniz İletişim numaramızdan bizlere bilgi vermenizi rica ederiz. İletişim: 05370642171', '18/11/2024 15:00:04', '86', '1'),
(150, '14', '5324795613', 'Sayın test,  18 Kasım 2024 Pazartesi  günü 17:00 saati için Saç Kesimi randevunuzu hatırlatırız. Randevunuza gelemeyecekseniz İletişim numaramızdan bizlere bilgi vermenizi rica ederiz. İletişim: 05370642171', '18/11/2024 16:00:02', '87', '1'),
(151, '20', '1312321312', 'Sayın sad asdasd,  30 Kasım 2024 Cumartesi  günü 09:00 saati için Saç Kesimi randevunuz oluşturulmuştur. Randevunuza gelemeyecekseniz İletişim numaramızdan bizlere bilgi vermenizi rica ederiz. İletişim: 05370642171 Randevunuzda Iptal ve değişiklik için:https://randevu.myazilim.com.tr/r/49Baw882', '29/11/2024 00:04:42', '', ''),
(152, '20', '1312321312', 'Sayın sad asdasd,  30 Kasım 2024 Cumartesi  günü 09:00 saati için Saç Kesimi randevunuzu hatırlatırız. Randevunuza gelemeyecekseniz İletişim numaramızdan bizlere bilgi vermenizi rica ederiz. İletişim: 05370642171', '30/11/2024 06:00:02', '88', '3'),
(153, '20', '1312321312', 'Sayın sad asdasd,  30 Kasım 2024 Cumartesi  günü 09:00 saati için Saç Kesimi randevunuzu hatırlatırız. Randevunuza gelemeyecekseniz İletişim numaramızdan bizlere bilgi vermenizi rica ederiz. İletişim: 05370642171', '30/11/2024 07:00:02', '88', '2'),
(154, '20', '1312321312', 'Sayın sad asdasd,  30 Kasım 2024 Cumartesi  günü 09:00 saati için Saç Kesimi randevunuzu hatırlatırız. Randevunuza gelemeyecekseniz İletişim numaramızdan bizlere bilgi vermenizi rica ederiz. İletişim: 05370642171', '30/11/2024 08:00:02', '88', '1'),
(155, '21', '1231231231', 'Sayın adas ada,  17 Aralık 2024 Salı  günü 07:00 saati için Saç Kesimi randevunuz oluşturulmuştur. Randevunuza gelemeyecekseniz İletişim numaramızdan bizlere bilgi vermenizi rica ederiz. İletişim: 05370642171 Randevunuzda Iptal ve değişiklik için:https://randevu.myazilim.com.tr/r/CBDnE873', '17/12/2024 00:17:54', '', ''),
(156, '21', '1231231231', 'Sayın adas ada,  17 Aralık 2024 Salı  günü 07:00 saati için Saç Kesimi randevunuzu hatırlatırız. Randevunuza gelemeyecekseniz İletişim numaramızdan bizlere bilgi vermenizi rica ederiz. İletişim: 05370642171', '17/12/2024 04:00:03', '89', '3'),
(157, '21', '1231231231', 'Sayın adas ada,  17 Aralık 2024 Salı  günü 07:00 saati için Saç Kesimi randevunuzu hatırlatırız. Randevunuza gelemeyecekseniz İletişim numaramızdan bizlere bilgi vermenizi rica ederiz. İletişim: 05370642171', '17/12/2024 05:00:34', '89', '2'),
(158, '21', '1231231231', 'Sayın adas ada,  17 Aralık 2024 Salı  günü 07:00 saati için Saç Kesimi randevunuzu hatırlatırız. Randevunuza gelemeyecekseniz İletişim numaramızdan bizlere bilgi vermenizi rica ederiz. İletişim: 05370642171', '17/12/2024 06:00:03', '89', '1'),
(159, '22', '5546038154', 'Sayın Kerim Ünal,  27 Aralık 2024 Cuma  günü 07:00 saati için Sakal Kesimi randevunuz oluşturulmuştur. Randevunuza gelemeyecekseniz İletişim numaramızdan bizlere bilgi vermenizi rica ederiz. İletişim: 05370642171 Randevunuzda Iptal ve değişiklik için:https://randevu.myazilim.com.tr/r/rTqFC547', '26/12/2024 13:22:27', '', ''),
(160, '22', '5546038154', 'Sayın Kerim Ünal,  27 Aralık 2024 Cuma  günü 07:00 saati için Sakal Kesimi randevunuzu hatırlatırız. Randevunuza gelemeyecekseniz İletişim numaramızdan bizlere bilgi vermenizi rica ederiz. İletişim: 05370642171', '27/12/2024 04:00:43', '91', '3'),
(161, '22', '5546038154', 'Sayın Kerim Ünal,  27 Aralık 2024 Cuma  günü 07:00 saati için Sakal Kesimi randevunuzu hatırlatırız. Randevunuza gelemeyecekseniz İletişim numaramızdan bizlere bilgi vermenizi rica ederiz. İletişim: 05370642171', '27/12/2024 05:00:43', '91', '2'),
(162, '22', '5546038154', 'Sayın Kerim Ünal,  27 Aralık 2024 Cuma  günü 07:00 saati için Sakal Kesimi randevunuzu hatırlatırız. Randevunuza gelemeyecekseniz İletişim numaramızdan bizlere bilgi vermenizi rica ederiz. İletişim: 05370642171', '27/12/2024 06:00:44', '91', '1'),
(163, '6', '5370642171', 'Sayın Sefa Uyanık,  18 Şubat 2025 Salı  günü 07:00 saati için Çocuk Saç Kesim randevunuz oluşturulmuştur. Randevunuza gelemeyecekseniz İletişim numaramızdan bizlere bilgi vermenizi rica ederiz. İletişim: 05370642171 Randevunuzda Iptal ve değişiklik için:https://randevu.myazilim.com.tr/r/l04WV504', '17/02/2025 14:08:24', '', ''),
(164, '6', '5370642171', 'Sayın Sefa Uyanık,  22 Şubat 2025 Cumartesi  günü 07:00 saati için Saç ve Sakal Kesim randevunuz oluşturulmuştur. Randevunuza gelemeyecekseniz İletişim numaramızdan bizlere bilgi vermenizi rica ederiz. İletişim: 05370642171 Randevunuzda Iptal ve değişiklik için:https://randevu.myazilim.com.tr/r/QlZlz322', '17/02/2025 15:12:02', '', ''),
(165, '6', '5370642171', 'Sayın Sefa Uyanık,  18 Şubat 2025 Salı  günü 07:00 saati için Çocuk Saç Kesim randevunuzu hatırlatırız. Randevunuza gelemeyecekseniz İletişim numaramızdan bizlere bilgi vermenizi rica ederiz. İletişim: 05370642171', '18/02/2025 04:00:51', '93', '3'),
(166, '6', '5370642171', 'Sayın Sefa Uyanık,  18 Şubat 2025 Salı  günü 07:00 saati için Çocuk Saç Kesim randevunuzu hatırlatırız. Randevunuza gelemeyecekseniz İletişim numaramızdan bizlere bilgi vermenizi rica ederiz. İletişim: 05370642171', '18/02/2025 05:00:51', '93', '2'),
(167, '6', '5370642171', 'Sayın Sefa Uyanık,  18 Şubat 2025 Salı  günü 07:00 saati için Çocuk Saç Kesim randevunuzu hatırlatırız. Randevunuza gelemeyecekseniz İletişim numaramızdan bizlere bilgi vermenizi rica ederiz. İletişim: 05370642171', '18/02/2025 06:00:52', '93', '1'),
(168, '1', '5394777104', 'Sayın ahmet uyanık,  23 Şubat 2025 Pazar  günü 07:00 saati için Çocuk Saç Kesim randevunuz oluşturulmuştur. Randevunuza gelemeyecekseniz İletişim numaramızdan bizlere bilgi vermenizi rica ederiz. İletişim: 05370642171 Randevunuzda Iptal ve değişiklik için:https://randevu.myazilim.com.tr/r/x4rFD571', '18/02/2025 10:42:51', '', ''),
(169, '6', '5370642171', 'Sayın Sefa Uyanık,  21 Şubat 2025 Cuma  günü 07:00 saati için Saç ve Sakal Kesim randevunuz oluşturulmuştur. Randevunuza gelemeyecekseniz İletişim numaramızdan bizlere bilgi vermenizi rica ederiz. İletişim: 05370642171 Randevunuzda Iptal ve değişiklik için:https://randevu.myazilim.com.tr/r/MRYow902', '18/02/2025 10:48:22', '', ''),
(170, '6', '5370642171', 'Sayın Sefa Uyanık,  20 Şubat 2025 Perşembe  günü 07:00 saati için Çocuk Saç Kesim randevunuz oluşturulmuştur. Randevunuza gelemeyecekseniz İletişim numaramızdan bizlere bilgi vermenizi rica ederiz. İletişim: 05370642171 Randevunuzda Iptal ve değişiklik için:https://randevu.myazilim.com.tr/r/DCOMq662', '18/02/2025 14:37:42', '', ''),
(171, '6', '5370642171', 'Sayın Sefa Uyanık,  28 Şubat 2025 Cuma  günü 07:00 saati için Sakal Kesimi randevunuz oluşturulmuştur. Randevunuza gelemeyecekseniz İletişim numaramızdan bizlere bilgi vermenizi rica ederiz. İletişim: 05370642171 Randevunuzda Iptal ve değişiklik için:https://randevu.myazilim.com.tr/r/Ep6pf662', '19/02/2025 15:54:23', '', ''),
(172, '6', '5370642171', 'Sayın Sefa Uyanık,  27 Şubat 2025 Perşembe  günü 07:00 saati için Sakal Kesimi randevunuz oluşturulmuştur. Randevunuza gelemeyecekseniz İletişim numaramızdan bizlere bilgi vermenizi rica ederiz. İletişim: 05370642171 Randevunuzda Iptal ve değişiklik için:https://randevu.myazilim.com.tr/r/q5AFT867', '19/02/2025 16:14:27', '', ''),
(173, '6', '5370642171', 'Sayın Sefa Uyanık,  20 Şubat 2025 Perşembe  günü 12:00 saati için Çocuk Saç Kesim randevunuz oluşturulmuştur. Randevunuza gelemeyecekseniz İletişim numaramızdan bizlere bilgi vermenizi rica ederiz. İletişim: 05370642171 Randevunuzda Iptal ve değişiklik için:https://randevu.myazilim.com.tr/r/0svVM039', '19/02/2025 16:17:19', '', ''),
(174, '6', '5370642171', 'Sayın Sefa Uyanık,  20 Şubat 2025 Perşembe  günü 08:00 saati için Saç ve Sakal Kesim randevunuz oluşturulmuştur. Randevunuza gelemeyecekseniz İletişim numaramızdan bizlere bilgi vermenizi rica ederiz. İletişim: 05370642171 Randevunuzda Iptal ve değişiklik için:https://randevu.myazilim.com.tr/r/Y6caz196', '19/02/2025 16:19:56', '', ''),
(175, '6', '5370642171', 'Sayın Sefa Uyanık,  21 Şubat 2025 Cuma  günü 10:00 saati için Çocuk Saç Kesim randevunuz oluşturulmuştur. Randevunuza gelemeyecekseniz İletişim numaramızdan bizlere bilgi vermenizi rica ederiz. İletişim: 05370642171 Randevunuzda Iptal ve değişiklik için:https://randevu.myazilim.com.tr/r/AyJAL236', '19/02/2025 16:20:36', '', '');
INSERT INTO `sms_history` (`id`, `member`, `number`, `message`, `time`, `appointment_id`, `remember_time`) VALUES
(176, '6', '5370642171', 'Sayın Sefa Uyanık,  20 Şubat 2025 Perşembe  günü 09:00 saati için Çocuk Saç Kesim randevunuz oluşturulmuştur. Randevunuza gelemeyecekseniz İletişim numaramızdan bizlere bilgi vermenizi rica ederiz. İletişim: 05370642171 Randevunuzda Iptal ve değişiklik için:https://randevu.myazilim.com.tr/r/PyPGC463', '19/02/2025 16:24:24', '', ''),
(177, '23', '5370642171', 'Sayın sefa uyanık,  19 Şubat 2025 Çarşamba  günü 17:00 saati için Çocuk Saç Kesim randevunuz oluşturulmuştur. Randevunuza gelemeyecekseniz İletişim numaramızdan bizlere bilgi vermenizi rica ederiz. İletişim: 05370642171 Randevunuzda Iptal ve değişiklik için:https://randevu.myazilim.com.tr/r/AoYbt587', '19/02/2025 16:26:27', '', ''),
(178, '23', '5370642171', 'Sayın sefa uyanık,  19 Şubat 2025 Çarşamba  günü 17:00 saati için Çocuk Saç Kesim randevunuzu hatırlatırız. Randevunuza gelemeyecekseniz İletişim numaramızdan bizlere bilgi vermenizi rica ederiz. İletişim: 05370642171', '19/02/2025 16:26:49', '104', '1'),
(179, '23', '5370642171', 'Sayın sefa uyanık,  21 Şubat 2025 Cuma  günü 08:00 saati için Çocuk Saç Kesim randevunuz oluşturulmuştur. Randevunuza gelemeyecekseniz İletişim numaramızdan bizlere bilgi vermenizi rica ederiz. İletişim: 05370642171 Randevunuzda Iptal ve değişiklik için:https://randevu.myazilim.com.tr/r/oAd99775', '19/02/2025 16:29:35', '', ''),
(180, '23', '5370642171', 'Sayın sefa uyanık,  20 Şubat 2025 Perşembe  günü 11:00 saati için Çocuk Saç Kesim randevunuz oluşturulmuştur. Randevunuza gelemeyecekseniz İletişim numaramızdan bizlere bilgi vermenizi rica ederiz. İletişim: 05370642171 Randevunuzda Iptal ve değişiklik için:https://randevu.myazilim.com.tr/r/FI6CJ137', '19/02/2025 16:52:17', '', ''),
(181, '23', '5370642171', 'Sayın sefa uyanık,  20 Şubat 2025 Perşembe  günü 11:00 saati için Çocuk Saç Kesim randevunuzu hatırlatırız. Randevunuza gelemeyecekseniz İletişim numaramızdan bizlere bilgi vermenizi rica ederiz. İletişim: 05370642171', '20/02/2025 08:00:48', '106', '3'),
(182, '23', '5370642171', 'Sayın sefa uyanık,  20 Şubat 2025 Perşembe  günü 11:00 saati için Çocuk Saç Kesim randevunuzu hatırlatırız. Randevunuza gelemeyecekseniz İletişim numaramızdan bizlere bilgi vermenizi rica ederiz. İletişim: 05370642171', '20/02/2025 09:00:49', '106', '2'),
(183, '23', '5370642171', 'Sayın sefa uyanık,  20 Şubat 2025 Perşembe  günü 11:00 saati için Çocuk Saç Kesim randevunuzu hatırlatırız. Randevunuza gelemeyecekseniz İletişim numaramızdan bizlere bilgi vermenizi rica ederiz. İletişim: 05370642171', '20/02/2025 10:00:48', '106', '1'),
(184, '23', '5370642171', 'Sayın sefa uyanık,  21 Şubat 2025 Cuma  günü 08:00 saati için Çocuk Saç Kesim randevunuzu hatırlatırız. Randevunuza gelemeyecekseniz İletişim numaramızdan bizlere bilgi vermenizi rica ederiz. İletişim: 05370642171', '21/02/2025 05:00:47', '105', '3'),
(185, '23', '5370642171', 'Sayın sefa uyanık,  21 Şubat 2025 Cuma  günü 08:00 saati için Çocuk Saç Kesim randevunuzu hatırlatırız. Randevunuza gelemeyecekseniz İletişim numaramızdan bizlere bilgi vermenizi rica ederiz. İletişim: 05370642171', '21/02/2025 06:00:48', '105', '2'),
(186, '23', '5370642171', 'Sayın sefa uyanık,  21 Şubat 2025 Cuma  günü 08:00 saati için Çocuk Saç Kesim randevunuzu hatırlatırız. Randevunuza gelemeyecekseniz İletişim numaramızdan bizlere bilgi vermenizi rica ederiz. İletişim: 05370642171', '21/02/2025 07:00:47', '105', '1'),
(187, '1', '5394777104', 'Sayın ahmet uyanık,  23 Şubat 2025 Pazar  günü 07:00 saati için Çocuk Saç Kesim randevunuzu hatırlatırız. Randevunuza gelemeyecekseniz İletişim numaramızdan bizlere bilgi vermenizi rica ederiz. İletişim: 05370642171', '23/02/2025 04:00:45', '95', '3'),
(188, '1', '5394777104', 'Sayın ahmet uyanık,  23 Şubat 2025 Pazar  günü 07:00 saati için Çocuk Saç Kesim randevunuzu hatırlatırız. Randevunuza gelemeyecekseniz İletişim numaramızdan bizlere bilgi vermenizi rica ederiz. İletişim: 05370642171', '23/02/2025 05:00:45', '95', '2'),
(189, '1', '5394777104', 'Sayın ahmet uyanık,  23 Şubat 2025 Pazar  günü 07:00 saati için Çocuk Saç Kesim randevunuzu hatırlatırız. Randevunuza gelemeyecekseniz İletişim numaramızdan bizlere bilgi vermenizi rica ederiz. İletişim: 05370642171', '23/02/2025 06:00:46', '95', '1'),
(190, '24', '5316250618', 'Sayın Onur Dilmen,  27 Mart 2025 Perşembe  günü 13:00 saati için Sakal Kesimi randevunuz oluşturulmuştur. Randevunuza gelemeyecekseniz İletişim numaramızdan bizlere bilgi vermenizi rica ederiz. İletişim: 05370642171 Randevunuzda Iptal ve değişiklik için:https://randevu.myazilim.com.tr/r/oxKB6008', '18/03/2025 19:23:28', '', ''),
(191, '24', '5316250618', 'Sayın Onur Dilmen,  29 Mart 2025 Cumartesi  günü 17:00 saati için Sakal Kesimi randevunuz oluşturulmuştur. Randevunuza gelemeyecekseniz İletişim numaramızdan bizlere bilgi vermenizi rica ederiz. İletişim: 05370642171 Randevunuzda Iptal ve değişiklik için:https://randevu.myazilim.com.tr/r/9ULbc016', '18/03/2025 19:56:56', '', ''),
(192, '24', '5316250618', 'Sayın Onur Dilmen,  28 Mart 2025 Cuma  günü 12:45 saati için Sakal Kesimi randevunuz oluşturulmuştur. Randevunuza gelemeyecekseniz İletişim numaramızdan bizlere bilgi vermenizi rica ederiz. İletişim: 05370642171 Randevunuzda Iptal ve değişiklik için:https://randevu.myazilim.com.tr/r/1ZEI8495', '19/03/2025 13:34:55', '', ''),
(193, '24', '5316250618', 'Sayın Onur Dilmen,  29 Mart 2025 Cumartesi  günü 09:00 saati için Sakal Kesimi randevunuz oluşturulmuştur. Randevunuza gelemeyecekseniz İletişim numaramızdan bizlere bilgi vermenizi rica ederiz. İletişim: 05370642171 Randevunuzda Iptal ve değişiklik için:https://randevu.myazilim.com.tr/r/xPjJp767', '19/03/2025 14:46:07', '', ''),
(194, '25', '5555555', 'Sayın Deneme,  29 Mart 2025 Cumartesi  günü 02:30 saati için Çocuk Saç Kesim randevunuz oluşturulmuştur. Randevunuza gelemeyecekseniz İletişim numaramızdan bizlere bilgi vermenizi rica ederiz. İletişim: 05370642171 Randevunuzda Iptal ve değişiklik için:https://sefa.myazilim.com.tr/r/q1zS6891', '23/03/2025 14:38:14', '', ''),
(195, '26', '5321233232', 'Sayın fasdfasd,  27 Mart 2025 Perşembe  günü 14:00 saati için Saç Kesimi randevunuz oluşturulmuştur. Randevunuza gelemeyecekseniz İletişim numaramızdan bizlere bilgi vermenizi rica ederiz. İletişim: 05370642171 Randevunuzda Iptal ve değişiklik için:https://sefa.myazilim.com.tr/r/KGkf1577', '23/03/2025 15:56:17', '', ''),
(196, '27', '8508401141', 'Sayın hami,  28 Mart 2025 Cuma  günü 10:30 saati için Saç Kesimi randevunuz oluşturulmuştur. Randevunuza gelemeyecekseniz İletişim numaramızdan bizlere bilgi vermenizi rica ederiz. İletişim: 05370642171 Randevunuzda Iptal ve değişiklik için:https://sefa.myazilim.com.tr/r/jnjKB918', '23/03/2025 17:41:58', '', ''),
(197, '27', '8508401141', 'Sayın hami,  26 Mart 2025 Çarşamba  günü 22:30 saati için Saç Kesimi randevunuz oluşturulmuştur. Randevunuza gelemeyecekseniz İletişim numaramızdan bizlere bilgi vermenizi rica ederiz. İletişim: 05370642171 Randevunuzda Iptal ve değişiklik için:https://sefa.myazilim.com.tr/r/rQJDh973', '23/03/2025 17:42:53', '', ''),
(198, '27', '8508401141', 'Sayın hami,  27 Mart 2025 Perşembe  günü 09:30 saati için Saç Kesimi randevunuz oluşturulmuştur. Randevunuza gelemeyecekseniz İletişim numaramızdan bizlere bilgi vermenizi rica ederiz. İletişim: 05370642171 Randevunuzda Iptal ve değişiklik için:https://sefa.myazilim.com.tr/r/AthXf923', '23/03/2025 19:05:23', '', ''),
(199, '27', '8508401141', 'Sayın hami,  26 Mart 2025 Çarşamba  günü 16:30 saati için Saç Kesimi randevunuz oluşturulmuştur. Randevunuza gelemeyecekseniz İletişim numaramızdan bizlere bilgi vermenizi rica ederiz. İletişim: 05370642171 Randevunuzda Iptal ve değişiklik için:https://sefa.myazilim.com.tr/r/8ogiy628', '24/03/2025 00:50:28', '', ''),
(200, '27', '8508401141', 'Sayın hami,  27 Mart 2025 Perşembe  günü 11:30 saati için Saç Kesimi randevunuz oluşturulmuştur. Randevunuza gelemeyecekseniz İletişim numaramızdan bizlere bilgi vermenizi rica ederiz. İletişim: 05370642171 Randevunuzda Iptal ve değişiklik için:https://sefa.myazilim.com.tr/r/C6nL1659', '24/03/2025 00:50:59', '', ''),
(201, '28', '5415332134', 'Sayın Uğur arslan,  25 Mart 2025 Salı  günü 09:30 saati için Çocuk Saç Kesim randevunuz oluşturulmuştur. Randevunuza gelemeyecekseniz İletişim numaramızdan bizlere bilgi vermenizi rica ederiz. İletişim: 05370642171 Randevunuzda Iptal ve değişiklik için:https://sefa.myazilim.com.tr/r/mNigE690', '24/03/2025 01:24:50', '', ''),
(202, '24', '5316250618', 'Sayın Onur Dilmen, Randevunuz güncellenmiştir.Saç ve Sakal Kesim randevunuz  16 Nisan 2025 Çarşamba  günü 21:00 saatine alınmıştır. Randevunuza gelemeyecekseniz İletişim numaramızdan bizlere bilgi vermenizi rica ederiz. İletişim: 05370642171 Randevunuzda Iptal ve değişiklik için:https://randevu-sistemi.local:8890/r/iUNgK049', '2025-04-16 01:08:11', '238', '0'),
(203, '24', '5316250618', 'Sayın Onur Dilmen, Randevunuz güncellenmiştir.Saç ve Sakal Kesim randevunuz  16 Nisan 2025 Çarşamba  günü 15:00 saatine alınmıştır. Randevunuza gelemeyecekseniz İletişim numaramızdan bizlere bilgi vermenizi rica ederiz. İletişim: 05370642171 Randevunuzda Iptal ve değişiklik için:https://randevu-sistemi.local:8890/r/iUNgK049', '2025-04-16 01:09:15', '238', '0'),
(204, '24', '5316250618', 'Sayın Onur Dilmen, Randevunuz güncellenmiştir.Saç ve Sakal Kesim randevunuz  16 Nisan 2025 Çarşamba  günü 16:00 saatine alınmıştır. Randevunuza gelemeyecekseniz İletişim numaramızdan bizlere bilgi vermenizi rica ederiz. İletişim: 05370642171 Randevunuzda Iptal ve değişiklik için:https://randevu-sistemi.local:8890/r/iUNgK049', '2025-04-16 01:09:55', '238', '0'),
(205, '24', '5316250618', 'Sayın Onur Dilmen, Randevunuz güncellenmiştir.Saç ve Sakal Kesim randevunuz  16 Nisan 2025 Çarşamba  günü 15:00 saatine alınmıştır. Randevunuza gelemeyecekseniz İletişim numaramızdan bizlere bilgi vermenizi rica ederiz. İletişim: 05370642171 Randevunuzda Iptal ve değişiklik için:https://randevu-sistemi.local:8890/r/iUNgK049', '2025-04-16 01:17:32', '238', '0'),
(206, '24', '5316250618', 'Sayın Onur Dilmen, Randevunuz güncellenmiştir.Saç ve Sakal Kesim randevunuz  16 Nisan 2025 Çarşamba  günü 21:00 saatine alınmıştır. Randevunuza gelemeyecekseniz İletişim numaramızdan bizlere bilgi vermenizi rica ederiz. İletişim: 05370642171 Randevunuzda Iptal ve değişiklik için:https://randevu-sistemi.local:8890/r/iUNgK049', '2025-04-16 01:19:08', '238', '0'),
(207, '24', '5316250618', 'Sayın Onur Dilmen, Randevunuz güncellenmiştir.Saç ve Sakal Kesim randevunuz  16 Nisan 2025 Çarşamba  günü 21:00 saatine alınmıştır. Randevunuza gelemeyecekseniz İletişim numaramızdan bizlere bilgi vermenizi rica ederiz. İletişim: 05370642171 Randevunuzda Iptal ve değişiklik için:https://randevu-sistemi.local:8890/r/iUNgK049', '2025-04-16 01:19:09', '238', '0'),
(208, '24', '5316250618', 'Sayın Onur Dilmen, Randevunuz güncellenmiştir.Saç ve Sakal Kesim randevunuz  16 Nisan 2025 Çarşamba  günü 15:00 saatine alınmıştır. Randevunuza gelemeyecekseniz İletişim numaramızdan bizlere bilgi vermenizi rica ederiz. İletişim: 05370642171 Randevunuzda Iptal ve değişiklik için:https://randevu-sistemi.local:8890/r/iUNgK049', '2025-04-16 01:21:42', '238', '0'),
(209, '24', '5316250618', 'Sayın Onur Dilmen, Randevunuz güncellenmiştir.Saç ve Sakal Kesim randevunuz  16 Nisan 2025 Çarşamba  günü 15:00 saatine alınmıştır. Randevunuza gelemeyecekseniz İletişim numaramızdan bizlere bilgi vermenizi rica ederiz. İletişim: 05370642171 Randevunuzda Iptal ve değişiklik için:https://randevu-sistemi.local:8890/r/iUNgK049', '2025-04-16 01:21:43', '238', '0'),
(210, '24', '5316250618', 'Sayın Onur Dilmen, Randevunuz güncellenmiştir.Saç ve Sakal Kesim randevunuz  16 Nisan 2025 Çarşamba  günü 14:00 saatine alınmıştır. Randevunuza gelemeyecekseniz İletişim numaramızdan bizlere bilgi vermenizi rica ederiz. İletişim: 05370642171 Randevunuzda Iptal ve değişiklik için:https://randevu-sistemi.local:8890/r/iUNgK049', '2025-04-16 01:27:10', '238', '0'),
(211, '24', '5316250618', 'Sayın Onur Dilmen, Randevunuz güncellenmiştir.Saç ve Sakal Kesim randevunuz  16 Nisan 2025 Çarşamba  günü 14:00 saatine alınmıştır. Randevunuza gelemeyecekseniz İletişim numaramızdan bizlere bilgi vermenizi rica ederiz. İletişim: 05370642171 Randevunuzda Iptal ve değişiklik için:https://randevu-sistemi.local:8890/r/iUNgK049', '2025-04-16 01:27:11', '238', '0'),
(212, '24', '5316250618', 'Sayın Onur Dilmen, Sitemizden aldığınız randevunuz iptal edilmiştir. Tekrar randevu almak için: https://randevu-sistemi.local:8890', '2025-04-16 01:27:35', '238', '0'),
(213, '24', '5316250618', 'Sayın Onur Dilmen 👋🏻,  25 Nisan 2025 Cuma  günü 11:30 saati için Sakal Kesimi randevunuz oluşturulmuştur. Randevunuza gelemeyecekseniz İletişim numaramızdan bizlere bilgi vermenizi rica ederiz. İletişim: 05370642171 Randevunuzda Iptal ve değişiklik için:https://randevu-sistemi.local:8890/r/yrgKZ093', '2025-04-16 01:28:14', '239', '0'),
(214, '24', '5316250618', 'Sayın Onur Dilmen, Randevunuz güncellenmiştir.Sakal Kesimi randevunuz  16 Nisan 2025 Çarşamba  günü 10:00 saatine alınmıştır. Randevunuza gelemeyecekseniz İletişim numaramızdan bizlere bilgi vermenizi rica ederiz. İletişim: 05370642171 Randevunuzda Iptal ve değişiklik için:https://randevu-sistemi.local:8890/r/yrgKZ093', '2025-04-16 01:28:43', '239', '0'),
(215, '24', '5316250618', 'Sayın Onur Dilmen, Randevunuz güncellenmiştir.Sakal Kesimi randevunuz  16 Nisan 2025 Çarşamba  günü 10:00 saatine alınmıştır. Randevunuza gelemeyecekseniz İletişim numaramızdan bizlere bilgi vermenizi rica ederiz. İletişim: 05370642171 Randevunuzda Iptal ve değişiklik için:https://randevu-sistemi.local:8890/r/yrgKZ093', '2025-04-16 01:28:44', '239', '0'),
(216, '24', '5316250618', 'Sayın Onur Dilmen, Randevunuz güncellenmiştir.Sakal Kesimi randevunuz  16 Nisan 2025 Çarşamba  günü 21:30 saatine alınmıştır. Randevunuza gelemeyecekseniz İletişim numaramızdan bizlere bilgi vermenizi rica ederiz. İletişim: 05370642171 Randevunuzda Iptal ve değişiklik için:https://randevu-sistemi.local:8890/r/yrgKZ093', '2025-04-16 01:29:45', '239', '0'),
(217, '24', '5316250618', 'Sayın Onur Dilmen, Randevunuz güncellenmiştir.Sakal Kesimi randevunuz  16 Nisan 2025 Çarşamba  günü 21:30 saatine alınmıştır. Randevunuza gelemeyecekseniz İletişim numaramızdan bizlere bilgi vermenizi rica ederiz. İletişim: 05370642171 Randevunuzda Iptal ve değişiklik için:https://randevu-sistemi.local:8890/r/yrgKZ093', '2025-04-16 01:29:46', '239', '0'),
(218, '24', '5316250618', 'Sayın Onur Dilmen, Randevunuz güncellenmiştir.Sakal Kesimi randevunuz  16 Nisan 2025 Çarşamba  günü 15:00 saatine alınmıştır. Randevunuza gelemeyecekseniz İletişim numaramızdan bizlere bilgi vermenizi rica ederiz. İletişim: 05370642171 Randevunuzda Iptal ve değişiklik için:https://randevu-sistemi.local:8890/r/yrgKZ093', '2025-04-16 01:33:28', '239', '0'),
(219, '24', '5316250618', 'Sayın Onur Dilmen, Randevunuz güncellenmiştir.Sakal Kesimi randevunuz  16 Nisan 2025 Çarşamba  günü 15:00 saatine alınmıştır. Randevunuza gelemeyecekseniz İletişim numaramızdan bizlere bilgi vermenizi rica ederiz. İletişim: 05370642171 Randevunuzda Iptal ve değişiklik için:https://randevu-sistemi.local:8890/r/yrgKZ093', '2025-04-16 01:33:30', '239', '0'),
(220, '24', '5316250618', 'Sayın Onur Dilmen, Randevunuz güncellenmiştir.Sakal Kesimi randevunuz  16 Nisan 2025 Çarşamba  günü 15:30 saatine alınmıştır. Randevunuza gelemeyecekseniz İletişim numaramızdan bizlere bilgi vermenizi rica ederiz. İletişim: 05370642171 Randevunuzda Iptal ve değişiklik için:https://randevu-sistemi.local:8890/r/yrgKZ093', '2025-04-16 01:36:12', '239', '0'),
(221, '24', '5316250618', 'Sayın Onur Dilmen, Randevunuz güncellenmiştir.Sakal Kesimi randevunuz  16 Nisan 2025 Çarşamba  günü 15:30 saatine alınmıştır. Randevunuza gelemeyecekseniz İletişim numaramızdan bizlere bilgi vermenizi rica ederiz. İletişim: 05370642171 Randevunuzda Iptal ve değişiklik için:https://randevu-sistemi.local:8890/r/yrgKZ093', '2025-04-16 01:36:13', '239', '0'),
(222, '24', '5316250618', 'Sayın Onur Dilmen, Randevunuz güncellenmiştir.Sakal Kesimi randevunuz  16 Nisan 2025 Çarşamba  günü 15:00 saatine alınmıştır. Randevunuza gelemeyecekseniz İletişim numaramızdan bizlere bilgi vermenizi rica ederiz. İletişim: 05370642171 Randevunuzda Iptal ve değişiklik için:https://randevu-sistemi.local:8890/r/yrgKZ093', '2025-04-16 01:37:54', '239', '0'),
(223, '24', '5316250618', 'Sayın Onur Dilmen, Randevunuz güncellenmiştir.Sakal Kesimi randevunuz  16 Nisan 2025 Çarşamba  günü 15:00 saatine alınmıştır. Randevunuza gelemeyecekseniz İletişim numaramızdan bizlere bilgi vermenizi rica ederiz. İletişim: 05370642171 Randevunuzda Iptal ve değişiklik için:https://randevu-sistemi.local:8890/r/yrgKZ093', '2025-04-16 01:37:54', '239', '0'),
(224, '24', '5316250618', 'Sayın Onur Dilmen 👋🏻,  23 Nisan 2025 Çarşamba  günü 12:00 saati için Sakal Kesimi randevunuz oluşturulmuştur. Randevunuza gelemeyecekseniz İletişim numaramızdan bizlere bilgi vermenizi rica ederiz. İletişim: 05370642171 Randevunuzda Iptal ve değişiklik için:https://randevu-sistemi.local:8890/r/SRNVn830', '2025-04-16 03:37:12', '240', '0'),
(225, '24', '5316250618', 'Sayın Onur Dilmen, Randevunuz güncellenmiştir.Sakal Kesimi randevunuz  16 Nisan 2025 Çarşamba  günü 16:30 saatine alınmıştır. Randevunuza gelemeyecekseniz İletişim numaramızdan bizlere bilgi vermenizi rica ederiz. İletişim: 05370642171 Randevunuzda Iptal ve değişiklik için:https://randevu-sistemi.local:8890/r/SRNVn830', '2025-04-16 03:37:37', '240', '0'),
(226, '24', '5316250618', 'Sayın Onur Dilmen, Randevunuz güncellenmiştir.Sakal Kesimi randevunuz  16 Nisan 2025 Çarşamba  günü 16:30 saatine alınmıştır. Randevunuza gelemeyecekseniz İletişim numaramızdan bizlere bilgi vermenizi rica ederiz. İletişim: 05370642171 Randevunuzda Iptal ve değişiklik için:https://randevu-sistemi.local:8890/r/SRNVn830', '2025-04-16 03:37:38', '240', '0'),
(227, '24', '5316250618', 'Sayın Onur Dilmen 👋🏻,  24 Nisan 2025 Perşembe  günü 13:00 saati için Sakal Kesimi randevunuz oluşturulmuştur. Randevunuza gelemeyecekseniz İletişim numaramızdan bizlere bilgi vermenizi rica ederiz. İletişim: 05370642171 Randevunuzda Iptal ve değişiklik için:https://randevu-sistemi.local:8890/r/EcLwV007', '2025-04-16 03:40:08', '241', '0'),
(228, '24', '5316250618', 'Sayın Onur Dilmen 👋🏻,  25 Nisan 2025 Cuma  günü 14:30 saati için Saç ve Sakal Kesim randevunuz oluşturulmuştur. Randevunuza gelemeyecekseniz İletişim numaramızdan bizlere bilgi vermenizi rica ederiz. İletişim: 05370642171 Randevunuzda Iptal ve değişiklik için:https://randevu-sistemi.local:8890/r/hiNiK581', '2025-04-16 04:06:23', '242', '0'),
(229, '24', '5316250618', 'Sayın Onur Dilmen, Randevunuz güncellenmiştir.Saç ve Sakal Kesim randevunuz  16 Nisan 2025 Çarşamba  günü 15:30 saatine alınmıştır. Randevunuza gelemeyecekseniz İletişim numaramızdan bizlere bilgi vermenizi rica ederiz. İletişim: 05370642171 Randevunuzda Iptal ve değişiklik için:https://randevu-sistemi.local:8890/r/hiNiK581', '2025-04-16 04:06:50', '242', '0'),
(230, '24', '5316250618', 'Sayın Onur Dilmen, Randevunuz güncellenmiştir.Saç ve Sakal Kesim randevunuz  16 Nisan 2025 Çarşamba  günü 15:30 saatine alınmıştır. Randevunuza gelemeyecekseniz İletişim numaramızdan bizlere bilgi vermenizi rica ederiz. İletişim: 05370642171 Randevunuzda Iptal ve değişiklik için:https://randevu-sistemi.local:8890/r/hiNiK581', '2025-04-16 04:06:50', '242', '0'),
(231, '24', '5316250618', 'Sayın Onur Dilmen 👋🏻,  23 Nisan 2025 Çarşamba  günü 11:30 saati için Sakal Kesimi randevunuz oluşturulmuştur. Randevunuza gelemeyecekseniz İletişim numaramızdan bizlere bilgi vermenizi rica ederiz. İletişim: 05370642171 Randevunuzda Iptal ve değişiklik için:https://randevu-sistemi.local:8890/r/5biSb127', '2025-04-16 04:15:29', '243', '0'),
(232, '24', '5316250618', 'Sayın Onur Dilmen 👋🏻,  25 Nisan 2025 Cuma  günü 13:30 saati için Saç ve Sakal Kesim randevunuz oluşturulmuştur. Randevunuza gelemeyecekseniz İletişim numaramızdan bizlere bilgi vermenizi rica ederiz. İletişim: 05370642171 Randevunuzda Iptal ve değişiklik için:https://randevu-sistemi.local:8890/r/DcT7a454', '2025-04-16 04:20:55', '244', '0'),
(233, '24', '5316250618', 'Sayın Onur Dilmen, Randevunuz güncellenmiştir.Saç ve Sakal Kesim randevunuz  20 Nisan 2025 Pazar  günü 16:00 saatine alınmıştır. Randevunuza gelemeyecekseniz İletişim numaramızdan bizlere bilgi vermenizi rica ederiz. İletişim: 05370642171 Randevunuzda Iptal ve değişiklik için:https://randevu-sistemi.local:8890/r/DcT7a454', '2025-04-16 04:24:26', '244', '0'),
(234, '24', '5316250618', 'Sayın Onur Dilmen, Randevunuz güncellenmiştir.Saç ve Sakal Kesim randevunuz  20 Nisan 2025 Pazar  günü 16:00 saatine alınmıştır. Randevunuza gelemeyecekseniz İletişim numaramızdan bizlere bilgi vermenizi rica ederiz. İletişim: 05370642171 Randevunuzda Iptal ve değişiklik için:https://randevu-sistemi.local:8890/r/DcT7a454', '2025-04-16 04:24:27', '244', '0'),
(235, '24', '5316250618', 'Sayın Onur Dilmen 👋🏻,  17 Nisan 2025 Perşembe  günü 01:00 saati için Saç ve Sakal Kesim randevunuz oluşturulmuştur. Randevunuza gelemeyecekseniz İletişim numaramızdan bizlere bilgi vermenizi rica ederiz. İletişim: 05370642171 Randevunuzda Iptal ve değişiklik için:https://randevu-sistemi.local:8890/r/wmAy8421', '2025-04-16 04:37:03', '245', '0'),
(236, '24', '5316250618', 'Sayın Onur Dilmen 👋🏻,  25 Nisan 2025 Cuma  günü 14:30 saati için Saç ve Sakal Kesim randevunuz oluşturulmuştur. Randevunuza gelemeyecekseniz İletişim numaramızdan bizlere bilgi vermenizi rica ederiz. İletişim: 05370642171 Randevunuzda Iptal ve değişiklik için:https://randevu-sistemi.local:8890/r/teMqc623', '2025-04-16 04:40:24', '246', '0'),
(237, '24', '5316250618', 'Sayın Onur Dilmen, Randevunuz güncellenmiştir.Saç ve Sakal Kesim randevunuz  16 Nisan 2025 Çarşamba  günü 11:00 saatine alınmıştır. Randevunuza gelemeyecekseniz İletişim numaramızdan bizlere bilgi vermenizi rica ederiz. İletişim: 05370642171 Randevunuzda Iptal ve değişiklik için:https://randevu-sistemi.local:8890/r/teMqc623', '2025-04-16 04:41:09', '246', '0'),
(238, '24', '5316250618', 'Sayın Onur Dilmen, Randevunuz güncellenmiştir.Saç ve Sakal Kesim randevunuz  16 Nisan 2025 Çarşamba  günü 11:00 saatine alınmıştır. Randevunuza gelemeyecekseniz İletişim numaramızdan bizlere bilgi vermenizi rica ederiz. İletişim: 05370642171 Randevunuzda Iptal ve değişiklik için:https://randevu-sistemi.local:8890/r/teMqc623', '2025-04-16 04:41:10', '246', '0'),
(239, '24', '5316250618', 'Sayın Onur Dilmen 👋🏻,  17 Nisan 2025 Perşembe  günü 22:00 saati için Sakal Kesimi randevunuz oluşturulmuştur. Randevunuza gelemeyecekseniz İletişim numaramızdan bizlere bilgi vermenizi rica ederiz. İletişim: 05370642171 Randevunuzda Iptal ve değişiklik için:https://randevu-sistemi.local:8890/r/LiS5a329', '2025-04-16 04:52:10', '247', '0'),
(240, '24', '5316250618', 'Sayın Onur Dilmen 👋🏻,  18 Nisan 2025 Cuma  günü 00:30 saati için Saç Bakım randevunuz oluşturulmuştur. Randevunuza gelemeyecekseniz İletişim numaramızdan bizlere bilgi vermenizi rica ederiz. İletişim: 05370642171 Randevunuzda Iptal ve değişiklik için:https://randevu-sistemi.local:8890/r/3nG3p689', '2025-04-16 04:58:10', '248', '0'),
(241, '24', '5316250618', 'Sayın Onur Dilmen 👋🏻,  25 Nisan 2025 Cuma  günü 14:30 saati için Saç ve Sakal Kesim randevunuz oluşturulmuştur. Randevunuza gelemeyecekseniz İletişim numaramızdan bizlere bilgi vermenizi rica ederiz. İletişim: 05370642171 Randevunuzda Iptal ve değişiklik için:https://randevu-sistemi.local:8890/r/1CisL671', '2025-04-16 05:31:12', '249', '0'),
(242, '24', '5316250618', 'Sayın Onur Dilmen 👋🏻,  24 Nisan 2025 Perşembe  günü 11:00 saati için Saç ve Sakal Kesim randevunuz oluşturulmuştur. Randevunuza gelemeyecekseniz İletişim numaramızdan bizlere bilgi vermenizi rica ederiz. İletişim: 05370642171 Randevunuzda Iptal ve değişiklik için:https://randevu-sistemi.local:8890/r/kIKY2270', '2025-04-16 05:41:11', '250', '0'),
(243, '24', '5316250618', 'Sayın Onur Dilmen, Randevunuz güncellenmiştir.Saç ve Sakal Kesim randevunuz  16 Nisan 2025 Çarşamba  günü 21:00 saatine alınmıştır. Randevunuza gelemeyecekseniz İletişim numaramızdan bizlere bilgi vermenizi rica ederiz. İletişim: 05370642171 Randevunuzda Iptal ve değişiklik için:https://randevu-sistemi.local:8890/r/kIKY2270', '2025-04-16 05:43:53', '250', '0'),
(244, '24', '5316250618', 'Sayın Onur Dilmen, Randevunuz güncellenmiştir.Saç ve Sakal Kesim randevunuz  16 Nisan 2025 Çarşamba  günü 21:00 saatine alınmıştır. Randevunuza gelemeyecekseniz İletişim numaramızdan bizlere bilgi vermenizi rica ederiz. İletişim: 05370642171 Randevunuzda Iptal ve değişiklik için:https://randevu-sistemi.local:8890/r/kIKY2270', '2025-04-16 05:43:54', '250', '0'),
(245, '24', '5316250618', 'Sayın Onur Dilmen 👋🏻,  24 Nisan 2025 Perşembe  günü 14:30 saati için Sakal Kesimi randevunuz oluşturulmuştur. Randevunuza gelemeyecekseniz İletişim numaramızdan bizlere bilgi vermenizi rica ederiz. İletişim: 05370642171 Randevunuzda Iptal ve değişiklik için:https://randevu-sistemi.local:8890/r/2etfu642', '2025-04-16 05:47:26', '251', '0'),
(246, '24', '5316250618', 'Sayın Onur Dilmen, Randevunuz güncellenmiştir.Sakal Kesimi randevunuz  16 Nisan 2025 Çarşamba  günü 22:00 saatine alınmıştır. Randevunuza gelemeyecekseniz İletişim numaramızdan bizlere bilgi vermenizi rica ederiz. İletişim: 05370642171 Randevunuzda Iptal ve değişiklik için:https://randevu-sistemi.local:8890/r/2etfu642', '2025-04-16 05:48:39', '251', '0'),
(247, '24', '5316250618', 'Sayın Onur Dilmen, Randevunuz güncellenmiştir.Sakal Kesimi randevunuz  16 Nisan 2025 Çarşamba  günü 22:00 saatine alınmıştır. Randevunuza gelemeyecekseniz İletişim numaramızdan bizlere bilgi vermenizi rica ederiz. İletişim: 05370642171 Randevunuzda Iptal ve değişiklik için:https://randevu-sistemi.local:8890/r/2etfu642', '2025-04-16 05:48:40', '251', '0'),
(248, '24', '5316250618', 'Sayın Onur Dilmen, Randevunuz güncellenmiştir.Sakal Kesimi randevunuz  16 Nisan 2025 Çarşamba  günü 13:00 saatine alınmıştır. Randevunuza gelemeyecekseniz İletişim numaramızdan bizlere bilgi vermenizi rica ederiz. İletişim: 05370642171 Randevunuzda Iptal ve değişiklik için:https://randevu-sistemi.local:8890/r/2etfu642', '2025-04-16 05:48:53', '251', '0'),
(249, '24', '5316250618', 'Sayın Onur Dilmen, Randevunuz güncellenmiştir.Sakal Kesimi randevunuz  16 Nisan 2025 Çarşamba  günü 13:00 saatine alınmıştır. Randevunuza gelemeyecekseniz İletişim numaramızdan bizlere bilgi vermenizi rica ederiz. İletişim: 05370642171 Randevunuzda Iptal ve değişiklik için:https://randevu-sistemi.local:8890/r/2etfu642', '2025-04-16 05:48:53', '251', '0'),
(250, '24', '5316250618', 'Sayın Onur Dilmen, Randevunuz güncellenmiştir.Sakal Kesimi randevunuz  16 Nisan 2025 Çarşamba  günü 20:00 saatine alınmıştır. Randevunuza gelemeyecekseniz İletişim numaramızdan bizlere bilgi vermenizi rica ederiz. İletişim: 05370642171 Randevunuzda Iptal ve değişiklik için:https://randevu-sistemi.local:8890/r/2etfu642', '2025-04-16 05:49:17', '251', '0'),
(251, '24', '5316250618', 'Sayın Onur Dilmen, Randevunuz güncellenmiştir.Sakal Kesimi randevunuz  16 Nisan 2025 Çarşamba  günü 20:00 saatine alınmıştır. Randevunuza gelemeyecekseniz İletişim numaramızdan bizlere bilgi vermenizi rica ederiz. İletişim: 05370642171 Randevunuzda Iptal ve değişiklik için:https://randevu-sistemi.local:8890/r/2etfu642', '2025-04-16 05:49:17', '251', '0'),
(252, '24', '5316250618', 'Sayın Onur Dilmen, Randevunuz güncellenmiştir.Sakal Kesimi randevunuz  16 Nisan 2025 Çarşamba  günü 13:00 saatine alınmıştır. Randevunuza gelemeyecekseniz İletişim numaramızdan bizlere bilgi vermenizi rica ederiz. İletişim: 05370642171 Randevunuzda Iptal ve değişiklik için:https://randevu-sistemi.local:8890/r/2etfu642', '2025-04-16 05:49:32', '251', '0'),
(253, '24', '5316250618', 'Sayın Onur Dilmen, Randevunuz güncellenmiştir.Sakal Kesimi randevunuz  16 Nisan 2025 Çarşamba  günü 13:00 saatine alınmıştır. Randevunuza gelemeyecekseniz İletişim numaramızdan bizlere bilgi vermenizi rica ederiz. İletişim: 05370642171 Randevunuzda Iptal ve değişiklik için:https://randevu-sistemi.local:8890/r/2etfu642', '2025-04-16 05:49:32', '251', '0'),
(254, '24', '5316250618', 'Sayın Onur Dilmen, Randevunuz güncellenmiştir.Sakal Kesimi randevunuz  16 Nisan 2025 Çarşamba  günü 12:00 saatine alınmıştır. Randevunuza gelemeyecekseniz İletişim numaramızdan bizlere bilgi vermenizi rica ederiz. İletişim: 05370642171 Randevunuzda Iptal ve değişiklik için:https://randevu-sistemi.local:8890/r/2etfu642', '2025-04-16 05:49:41', '251', '0'),
(255, '24', '5316250618', 'Sayın Onur Dilmen, Randevunuz güncellenmiştir.Sakal Kesimi randevunuz  16 Nisan 2025 Çarşamba  günü 12:00 saatine alınmıştır. Randevunuza gelemeyecekseniz İletişim numaramızdan bizlere bilgi vermenizi rica ederiz. İletişim: 05370642171 Randevunuzda Iptal ve değişiklik için:https://randevu-sistemi.local:8890/r/2etfu642', '2025-04-16 05:49:42', '251', '0'),
(256, '24', '5316250618', 'Sayın Onur Dilmen, Randevunuz güncellenmiştir.Sakal Kesimi randevunuz  16 Nisan 2025 Çarşamba  günü 20:30 saatine alınmıştır. Randevunuza gelemeyecekseniz İletişim numaramızdan bizlere bilgi vermenizi rica ederiz. İletişim: 05370642171 Randevunuzda Iptal ve değişiklik için:https://randevu-sistemi.local:8890/r/2etfu642', '2025-04-16 05:49:53', '251', '0'),
(257, '24', '5316250618', 'Sayın Onur Dilmen, Randevunuz güncellenmiştir.Sakal Kesimi randevunuz  16 Nisan 2025 Çarşamba  günü 20:30 saatine alınmıştır. Randevunuza gelemeyecekseniz İletişim numaramızdan bizlere bilgi vermenizi rica ederiz. İletişim: 05370642171 Randevunuzda Iptal ve değişiklik için:https://randevu-sistemi.local:8890/r/2etfu642', '2025-04-16 05:49:53', '251', '0'),
(258, '24', '5316250618', 'Sayın Onur Dilmen, Randevunuz güncellenmiştir.Sakal Kesimi randevunuz  16 Nisan 2025 Çarşamba  günü 14:30 saatine alınmıştır. Randevunuza gelemeyecekseniz İletişim numaramızdan bizlere bilgi vermenizi rica ederiz. İletişim: 05370642171 Randevunuzda Iptal ve değişiklik için:https://randevu-sistemi.local:8890/r/2etfu642', '2025-04-16 05:50:21', '251', '0'),
(259, '24', '5316250618', 'Sayın Onur Dilmen, Randevunuz güncellenmiştir.Sakal Kesimi randevunuz  16 Nisan 2025 Çarşamba  günü 14:30 saatine alınmıştır. Randevunuza gelemeyecekseniz İletişim numaramızdan bizlere bilgi vermenizi rica ederiz. İletişim: 05370642171 Randevunuzda Iptal ve değişiklik için:https://randevu-sistemi.local:8890/r/2etfu642', '2025-04-16 05:50:22', '251', '0'),
(260, '24', '5316250618', 'Sayın Onur Dilmen 👋🏻,  25 Nisan 2025 Cuma  günü 12:00 saati için Saç Bakım randevunuz oluşturulmuştur. Randevunuza gelemeyecekseniz İletişim numaramızdan bizlere bilgi vermenizi rica ederiz. İletişim: 05370642171 Randevunuzda Iptal ve değişiklik için:https://randevu-sistemi.local:8890/r/RwCLg182', '2025-04-16 05:56:23', '252', '0'),
(261, '24', '5316250618', 'Sayın Onur Dilmen, Randevunuz güncellenmiştir.Saç Bakım randevunuz  16 Nisan 2025 Çarşamba  günü 12:30 saatine alınmıştır. Randevunuza gelemeyecekseniz İletişim numaramızdan bizlere bilgi vermenizi rica ederiz. İletişim: 05370642171 Randevunuzda Iptal ve değişiklik için:https://randevu-sistemi.local:8890/r/RwCLg182', '2025-04-16 05:57:25', '252', '0'),
(262, '24', '5316250618', 'Sayın Onur Dilmen, Randevunuz güncellenmiştir.Saç Bakım randevunuz  16 Nisan 2025 Çarşamba  günü 12:30 saatine alınmıştır. Randevunuza gelemeyecekseniz İletişim numaramızdan bizlere bilgi vermenizi rica ederiz. İletişim: 05370642171 Randevunuzda Iptal ve değişiklik için:https://randevu-sistemi.local:8890/r/RwCLg182', '2025-04-16 05:57:26', '252', '0'),
(263, '24', '5316250618', 'Sayın Onur Dilmen, Randevunuz güncellenmiştir.Saç Bakım randevunuz  16 Nisan 2025 Çarşamba  günü 14:00 saatine alınmıştır. Randevunuza gelemeyecekseniz İletişim numaramızdan bizlere bilgi vermenizi rica ederiz. İletişim: 05370642171 Randevunuzda Iptal ve değişiklik için:https://randevu-sistemi.local:8890/r/RwCLg182', '2025-04-16 05:57:37', '252', '0'),
(264, '24', '5316250618', 'Sayın Onur Dilmen, Randevunuz güncellenmiştir.Saç Bakım randevunuz  16 Nisan 2025 Çarşamba  günü 14:00 saatine alınmıştır. Randevunuza gelemeyecekseniz İletişim numaramızdan bizlere bilgi vermenizi rica ederiz. İletişim: 05370642171 Randevunuzda Iptal ve değişiklik için:https://randevu-sistemi.local:8890/r/RwCLg182', '2025-04-16 05:57:37', '252', '0'),
(265, '24', '5316250618', 'Sayın Onur Dilmen 👋🏻,  26 Nisan 2025 Cumartesi  günü 12:30 saati için Saç Bakım randevunuz oluşturulmuştur. Randevunuza gelemeyecekseniz İletişim numaramızdan bizlere bilgi vermenizi rica ederiz. İletişim: 05370642171 Randevunuzda Iptal ve değişiklik için:https://randevu-sistemi.local:8890/r/54AT1015', '2025-04-16 06:10:16', '253', '0'),
(266, '24', '5316250618', 'Sayın Onur Dilmen 👋🏻,  25 Nisan 2025 Cuma  günü 15:30 saati için Saç ve Sakal Kesim randevunuz oluşturulmuştur. Randevunuza gelemeyecekseniz İletişim numaramızdan bizlere bilgi vermenizi rica ederiz. İletişim: 05370642171 Randevunuzda Iptal ve değişiklik için:https://randevu-sistemi.local:8890/r/HP4xV318', '2025-04-16 06:15:20', '254', '0'),
(267, '24', '5316250618', 'Sayın Onur Dilmen 👋🏻,  26 Nisan 2025 Cumartesi  günü 13:00 saati için Saç Bakım randevunuz oluşturulmuştur. Randevunuza gelemeyecekseniz İletişim numaramızdan bizlere bilgi vermenizi rica ederiz. İletişim: 05370642171 Randevunuzda Iptal ve değişiklik için:https://randevu-sistemi.local:8890/r/r1uAc542', '2025-04-16 06:19:03', '255', '0'),
(268, '24', '5316250618', 'Sayın Onur Dilmen 👋🏻,  24 Nisan 2025 Perşembe  günü 18:00 saati için Fitnes clup randevunuz oluşturulmuştur. Randevunuza gelemeyecekseniz İletişim numaramızdan bizlere bilgi vermenizi rica ederiz. İletişim: 05370642171 Randevunuzda Iptal ve değişiklik için:https://randevu-sistemi.local:8890/r/yaJQr635', '2025-04-16 06:20:36', '256', '0'),
(269, '24', '5316250618', 'Sayın Onur Dilmen 👋🏻,  19 Nisan 2025 Cumartesi  günü 01:30 saati için Saç ve Sakal Kesim randevunuz oluşturulmuştur. Randevunuza gelemeyecekseniz İletişim numaramızdan bizlere bilgi vermenizi rica ederiz. İletişim: 05370642171 Randevunuzda Iptal ve değişiklik için:https://randevu-sistemi.local:8890/r/bxetX769', '2025-04-16 06:22:49', '257', '0'),
(270, '24', '5316250618', 'Sayın Onur Dilmen 👋🏻,  20 Nisan 2025 Pazar  günü 11:00 saati için Saç Bakım randevunuz oluşturulmuştur. Randevunuza gelemeyecekseniz İletişim numaramızdan bizlere bilgi vermenizi rica ederiz. İletişim: 05370642171 Randevunuzda Iptal ve değişiklik için:https://randevu-sistemi.local:8890/r/hrzEG881', '2025-04-16 06:24:42', '258', '0'),
(271, '24', '5316250618', 'Sayın Onur Dilmen 👋🏻,  25 Nisan 2025 Cuma  günü 11:30 saati için Saç ve Sakal Kesim randevunuz oluşturulmuştur. Randevunuza gelemeyecekseniz İletişim numaramızdan bizlere bilgi vermenizi rica ederiz. İletişim: 05370642171 Randevunuzda Iptal ve değişiklik için:https://randevu-sistemi.local:8890/r/gX7Ap992', '2025-04-16 06:26:33', '259', '0'),
(272, '24', '5316250618', 'Sayın Onur Dilmen 👋🏻,  25 Nisan 2025 Cuma  günü 17:30 saati için Saç Bakım randevunuz oluşturulmuştur. Randevunuza gelemeyecekseniz İletişim numaramızdan bizlere bilgi vermenizi rica ederiz. İletişim: 05370642171 Randevunuzda Iptal ve değişiklik için:https://randevu-sistemi.local:8890/r/OpX0x415', '2025-04-16 16:00:17', '260', '0');

-- --------------------------------------------------------

--
-- Table structure for table `special_days`
--

CREATE TABLE `special_days` (
  `id` int NOT NULL,
  `title` varchar(255) CHARACTER SET utf8mb3 COLLATE utf8mb3_unicode_ci NOT NULL COMMENT 'Özel gün başlığı',
  `description` text CHARACTER SET utf8mb3 COLLATE utf8mb3_unicode_ci COMMENT 'Açıklama',
  `start_date` date NOT NULL COMMENT 'Başlangıç tarihi',
  `end_date` date NOT NULL COMMENT 'Bitiş tarihi',
  `start_time` varchar(5) CHARACTER SET utf8mb3 COLLATE utf8mb3_unicode_ci NOT NULL COMMENT 'Başlangıç saati (ör: 09:00)',
  `end_time` varchar(5) CHARACTER SET utf8mb3 COLLATE utf8mb3_unicode_ci NOT NULL COMMENT 'Bitiş saati (ör: 23:00)',
  `status` tinyint(1) NOT NULL DEFAULT '1' COMMENT 'Aktif/Pasif',
  `repeat_type` varchar(20) CHARACTER SET utf8mb3 COLLATE utf8mb3_unicode_ci DEFAULT NULL COMMENT 'Tekrarlama tipi (none, daily, weekly, monthly, yearly)',
  `repeat_interval` int DEFAULT '1' COMMENT 'Tekrarlama aralığı (1, 2, 3 vb.)',
  `repeat_until` date DEFAULT NULL COMMENT 'Tekrarlama bitiş tarihi',
  `category` varchar(50) CHARACTER SET utf8mb3 COLLATE utf8mb3_unicode_ci DEFAULT 'default' COMMENT 'Kategori (default, holiday, promotion, special)',
  `color` varchar(20) CHARACTER SET utf8mb3 COLLATE utf8mb3_unicode_ci DEFAULT '#7367f0' COMMENT 'Renk kodu (#HEX)',
  `created_at` timestamp NOT NULL DEFAULT CURRENT_TIMESTAMP
) ENGINE=InnoDB DEFAULT CHARSET=utf8mb3 COLLATE=utf8mb3_unicode_ci;

--
-- Dumping data for table `special_days`
--

INSERT INTO `special_days` (`id`, `title`, `description`, `start_date`, `end_date`, `start_time`, `end_time`, `status`, `repeat_type`, `repeat_interval`, `repeat_until`, `category`, `color`, `created_at`) VALUES
(8, 'Ramazan Bayramı', 'Ramazan Bayramı Mesaisi', '2025-04-13', '2025-04-20', '09:00', '03:00', 1, 'none', 1, NULL, 'default', '#7367f0', '2025-03-12 21:28:01');

-- --------------------------------------------------------

--
-- Table structure for table `special_day_categories`
--

CREATE TABLE `special_day_categories` (
  `id` int NOT NULL,
  `name` varchar(100) CHARACTER SET utf8mb3 COLLATE utf8mb3_unicode_ci NOT NULL COMMENT 'Kategori adı',
  `code` varchar(50) CHARACTER SET utf8mb3 COLLATE utf8mb3_unicode_ci NOT NULL COMMENT 'Kategori kodu (sistemde kullanılır)',
  `color` varchar(20) CHARACTER SET utf8mb3 COLLATE utf8mb3_unicode_ci DEFAULT '#7367f0' COMMENT 'Kategori renk kodu',
  `description` text CHARACTER SET utf8mb3 COLLATE utf8mb3_unicode_ci COMMENT 'Açıklama',
  `created_at` timestamp NOT NULL DEFAULT CURRENT_TIMESTAMP
) ENGINE=InnoDB DEFAULT CHARSET=utf8mb3 COLLATE=utf8mb3_unicode_ci;

--
-- Dumping data for table `special_day_categories`
--

INSERT INTO `special_day_categories` (`id`, `name`, `code`, `color`, `description`, `created_at`) VALUES
(1, 'Varsayılan', 'default', '#7367f0', 'Varsayılan özel gün kategorisi', '2025-03-12 19:33:11'),
(2, 'Tatil Günleri', 'holiday', '#ea5455', 'Resmi tatil günleri ve özel tatiller', '2025-03-12 19:33:11'),
(3, 'Kampanya Günleri', 'promotion', '#28c76f', 'Kampanya ve promosyon günleri', '2025-03-12 19:33:11');

-- --------------------------------------------------------

--
-- Table structure for table `translations`
--

CREATE TABLE `translations` (
  `id` int NOT NULL,
  `language` varchar(10) CHARACTER SET utf8mb4 COLLATE utf8mb4_unicode_ci DEFAULT NULL,
  `key_name` varchar(255) CHARACTER SET utf8mb4 COLLATE utf8mb4_unicode_ci DEFAULT NULL,
  `value` mediumtext CHARACTER SET utf8mb4 COLLATE utf8mb4_unicode_ci
) ENGINE=MyISAM DEFAULT CHARSET=utf8mb4 COLLATE=utf8mb4_unicode_ci;

--
-- Dumping data for table `translations`
--

INSERT INTO `translations` (`id`, `language`, `key_name`, `value`) VALUES
(1, 'tr', 'sitetitle', 'Maus Yazılım Randevu Sistemi'),
(2, 'tr', 'info', 'Bilgilerinizi Öğrenebilir Miyiz ?'),
(3, 'tr', 'namesurname', 'Ad Soyad'),
(4, 'tr', 'continue', 'Devam Et'),
(5, 'tr', 'step', 'ADIM'),
(6, 'tr', 'chooseservice', 'Hizmet Ve Çalışan Seçin'),
(7, 'tr', 'select', 'Seçin'),
(8, 'tr', 'back', 'Geri Dön'),
(9, 'tr', 'chooseemployee', 'Lütfen Çalışan Seçin'),
(10, 'tr', 'error', 'Hata!'),
(11, 'tr', 'selectdate', 'Tarih Ve Saat Seçin'),
(12, 'tr', 'appointmentdate', 'Randevu Tarihi'),
(13, 'tr', 'selectdateinfo', 'Lütfen tarih seçiniz!'),
(14, 'tr', 'okey', 'Tamam'),
(15, 'tr', 'summary', 'Özet'),
(16, 'tr', 'perfonelinfo', 'Kişi Bilgileri'),
(17, 'tr', 'serviceinfo', 'Hizmet Bilgileri'),
(18, 'tr', 'appointmentinfo', 'Randevu Bilgileri'),
(19, 'tr', 'paymentmethod', 'Ödeme Yöntemi'),
(20, 'tr', 'paymentselect', 'Ödeme Yöntemi Seçin'),
(21, 'tr', 'cash', 'Nakit Öde'),
(22, 'tr', 'saloncreditcard', 'Salonda Kredi Kartıyla Ödeme'),
(23, 'tr', 'nowcreditcard', 'Şimdi Kredi Kartıyla Öde'),
(24, 'tr', 'transfer', 'Havale / Eft'),
(25, 'tr', 'create', 'Randevu Oluştur'),
(26, 'tr', 'success', 'Randevu Başarıyla Oluşturuldu.'),
(27, 'tr', 'infosms', 'Bilgilendirme Için Tarafınıza SMS Gönderilmiştir.'),
(28, 'tr', 'transferinfo', 'Havale Ile Ödeme Seçtiniz.Aşağıdaki Hesap Numalarına Ücreti Gönderebilirsiniz.'),
(29, 'tr', 'newappointment', 'Yeni Randevu'),
(30, 'tr', 'congratulations', 'Tebrikler!'),
(31, 'tr', 'pleasename', 'Lütfen adınızı yazınız.'),
(32, 'tr', 'pleasephone', 'Lütfen telefon numaranızı yazınız.'),
(33, 'tr', 'pleaseservice', 'Lütfen hizmet seçiniz.'),
(34, 'tr', 'pleaseemp', 'Lütfen çalışan seçiniz.'),
(35, 'tr', 'pleaseappdate', 'Lütfen randevu tarihi seçiniz.'),
(36, 'tr', 'pleaseapptime', 'Lütfen randevu saati seçiniz.'),
(37, 'tr', 'sorry', 'Üzgünüz :('),
(38, 'tr', 'otherselect', 'Seçtiğiniz randevu başkası tarafından alındı. Lütfen tekrar tarih ve saat seçiniz.'),
(39, 'tr', 'appsuccess', 'Randevu Oluşturuldu'),
(40, 'tr', 'paymentwaiting', 'Ödeme Bekleniyor!'),
(41, 'tr', 'paymentnotcomp', 'Ödeme Henüz Tamamlanmadı.'),
(42, 'tr', 'paymentnotcomplete', 'Randevunuz oluşturuldu fakat ödemeniz henüz tamamlanmadı,'),
(43, 'tr', 'paymentcomplete', 'Ödeme yapmak için Ödeme Yap butonuna tıklayınız.'),
(44, 'tr', 'payment', 'Ödeme Yap'),
(45, 'tr', 'paymentsuccess', 'Ödemeniz başarıyla alındı.'),
(46, 'tr', 'paymentsuccessinfo', 'Randevunuz oluşturulup, ödemeniz başarıyla alınmıştır.'),
(47, 'tr', 'paymentunsuccess', 'Maalesef Ödemeniz Alınamadı!'),
(48, 'tr', 'paymentunsuccessinfo', 'Aşağıdan tekrardan ödeme yapmayı deneyebilirsiniz..'),
(49, 'tr', 'tryagain', 'Tekrar Dene'),
(50, 'tr', 'update', 'Güncelleme'),
(51, 'tr', 'appupdate', 'Randevu Güncelleme'),
(52, 'tr', 'appupdatenotfound', 'Düzenlencek randevu bulunamadı.'),
(53, 'tr', 'appupdatedate', 'Randevu tarihiniz geçmiştir.'),
(54, 'tr', 'appupdatethanks', 'Bizi tercih ettiğiniz için teşekkür ederiz.'),
(55, 'tr', 'newappdate', 'Yeni Randevu Tarihi'),
(56, 'tr', 'updatebutton', 'Güncelle'),
(57, 'tr', 'appcancel', 'İptal Et'),
(58, 'tr', 'appdatelast', 'Randevunuza'),
(59, 'tr', 'appdatelast2', 'saat\'den az kaldığı için düzenleme yapamazsınız.'),
(60, 'tr', 'appdatelast3', 'Maksimum'),
(61, 'tr', 'appdatelast4', 'saat kalan randevularınızı düzenleyebilirsiniz.'),
(62, 'tr', 'pleasenewappdate', 'Lütfen yeni randevu tarihi seçiniz.'),
(63, 'tr', 'pleasenewapptime', 'Lütfen yeni randevu saati seçiniz.'),
(64, 'tr', 'cancelquest', 'Randevu iptal edilsin mi?'),
(65, 'tr', 'cancelquesttext', 'Onay vermeniz durumunda randevunuz iptal edilecektir. Emin misiniz?'),
(66, 'tr', 'yes', 'Evet'),
(67, 'tr', 'no', 'Hayır'),
(68, 'tr', 'cancelnot', 'Randevu iptal edilmedi.'),
(69, 'tr', 'appcanceled', 'Randevu İptal Edildi'),
(70, 'tr', 'appcanceledtext', 'Randevu başarıyla İptal Edildi.'),
(71, 'tr', 'appupdated', 'Randevu Güncellendi'),
(72, 'tr', 'appupdatedtext', 'Randevu başarıyla Güncellendi.'),
(432, 'en', 'appupdatedtext', 'Appointment Successfully Updated.'),
(431, 'en', 'appupdated', 'Appointment Updated'),
(430, 'en', 'appcanceledtext', 'Appointment Canceled Successfully.'),
(429, 'en', 'appcanceled', 'Appointment Canceled'),
(428, 'en', 'cancelnot', 'The appointment was not cancelled.'),
(426, 'en', 'yes', 'Yes'),
(427, 'en', 'no', 'No'),
(425, 'en', 'cancelquesttext', 'If you approve, your appointment will be cancelled. Are you sure?'),
(423, 'en', 'pleasenewapptime', 'Please select a new appointment time.'),
(421, 'en', 'appdatelast4', 'You can edit your remaining appointments.'),
(424, 'en', 'cancelquest', 'Cancel the appointment?'),
(422, 'en', 'pleasenewappdate', 'Please select a new appointment date.'),
(420, 'en', 'appdatelast3', 'Maximum'),
(419, 'en', 'appdatelast2', 'You cannot edit because there is less than an hour left.'),
(417, 'en', 'appcancel', 'Cancel'),
(418, 'en', 'appdatelast', 'to your appointment'),
(416, 'en', 'updatebutton', 'Update'),
(415, 'en', 'newappdate', 'New Appointment Date'),
(413, 'en', 'appupdatedate', 'Your appointment date has passed.'),
(414, 'en', 'appupdatethanks', 'Thank you for choosing us.'),
(412, 'en', 'appupdatenotfound', 'No appointment found to be edited.'),
(408, 'en', 'paymentunsuccessinfo', 'You can try to pay again below.'),
(409, 'en', 'tryagain', 'Try again'),
(410, 'en', 'update', 'Update'),
(411, 'en', 'appupdate', 'Appointment Update'),
(407, 'en', 'paymentunsuccess', 'Sorry, Your Payment Could Not Be Received!'),
(404, 'en', 'payment', 'Pay'),
(405, 'en', 'paymentsuccess', 'Your payment has been received successfully.'),
(406, 'en', 'paymentsuccessinfo', 'Your appointment has been created and your payment has been successfully received.'),
(402, 'en', 'paymentnotcomplete', 'Your appointment has been created but your payment has not been completed yet,'),
(403, 'en', 'paymentcomplete', 'Click the Make Payment button to make a payment.'),
(399, 'en', 'appsuccess', 'Appointment Created'),
(400, 'en', 'paymentwaiting', 'Payment Awaiting!'),
(401, 'en', 'paymentnotcomp', 'Payment Not Completed Yet.'),
(398, 'en', 'otherselect', 'The appointment you have selected has been taken by someone else. Please select the date and time again.'),
(397, 'en', 'sorry', 'We are sad :('),
(396, 'en', 'pleaseapptime', 'Please select an appointment time.'),
(395, 'en', 'pleaseappdate', 'Please select an appointment date.'),
(394, 'en', 'pleaseemp', 'Please select employee.'),
(393, 'en', 'pleaseservice', 'Please select service.'),
(392, 'en', 'pleasephone', 'Please write your phone number.'),
(389, 'en', 'newappointment', 'New Appointment'),
(390, 'en', 'congratulations', 'Congratulations!'),
(391, 'en', 'pleasename', 'Please write your name.'),
(386, 'en', 'success', 'Appointment Created Successfully.'),
(387, 'en', 'infosms', 'An SMS has been sent to you for information.'),
(388, 'en', 'transferinfo', 'You have chosen to pay by wire transfer. You can send the fee to the following account number.'),
(385, 'en', 'create', 'Create an Appointment'),
(384, 'en', 'transfer', 'Transfer'),
(383, 'en', 'nowcreditcard', 'Pay Now With Credit Card'),
(380, 'en', 'paymentselect', 'Choose Payment Method'),
(381, 'en', 'cash', 'Pay Cash'),
(382, 'en', 'saloncreditcard', 'Payment by Credit Card at the Salon'),
(379, 'en', 'paymentmethod', 'Payment method'),
(378, 'en', 'appointmentinfo', 'Appointment Information'),
(377, 'en', 'serviceinfo', 'Service Information'),
(376, 'en', 'perfonelinfo', 'Personal information'),
(373, 'en', 'selectdateinfo', 'Please select a date!'),
(374, 'en', 'okey', 'Okey'),
(375, 'en', 'summary', 'Summary'),
(372, 'en', 'appointmentdate', 'Appointment date'),
(371, 'en', 'selectdate', 'Select Date And Time'),
(370, 'en', 'error', 'Error!'),
(369, 'en', 'chooseemployee', 'Please Select Employee'),
(367, 'en', 'select', 'Select'),
(368, 'en', 'back', 'Back'),
(366, 'en', 'chooseservice', 'Choose Service and Employee'),
(365, 'en', 'step', 'STEP'),
(364, 'en', 'continue', 'Continue'),
(362, 'en', 'info', 'Can We Learn Your Information?'),
(363, 'en', 'namesurname', 'Name Surname'),
(361, 'en', 'sitetitle', 'Maus Software Appointment System'),
(514, 'en', 'apppass', 'All appointments are full for the date you selected, please choose another day.'),
(513, 'tr', 'apppass', 'Seçtiğiniz tarih için tüm randevular dolu lütfen başka gün seçin.'),
(512, 'en', 'staffpass', 'Staff is off for the date you selected, please select another day.'),
(511, 'tr', 'staffpass', 'Seçtiğiniz tarih için personel izinli lütfen başka gün seçin.'),
(510, 'en', 'timepass', 'The working hours have passed for the date you selected, please select another day.'),
(509, 'tr', 'timepass', 'Seçtiğiniz tarih için mesai saati geçmiştir, lütfen başka gün seçin.'),
(508, 'en', 'dayoff', 'Staff day off!'),
(507, 'tr', 'dayoff', 'Personel izin günü!'),
(506, 'en', 'bosalan', 'Please make sure to fill in all fields!'),
(505, 'tr', 'bosalan', 'Lütfen tüm alanları doldurduğunuzdan emin olun!'),
(517, 'tr', 'note', 'Randevu Notu'),
(518, 'en', 'note', 'Reservation Note');

-- --------------------------------------------------------

--
-- Table structure for table `vested`
--

CREATE TABLE `vested` (
  `id` int NOT NULL,
  `providerID` int NOT NULL,
  `orderID` int NOT NULL,
  `amount` varchar(300) CHARACTER SET utf8mb4 COLLATE utf8mb4_unicode_ci NOT NULL,
  `date` varchar(300) CHARACTER SET utf8mb4 COLLATE utf8mb4_unicode_ci NOT NULL
) ENGINE=InnoDB DEFAULT CHARSET=utf8mb4 COLLATE=utf8mb4_unicode_ci;

--
-- Dumping data for table `vested`
--

INSERT INTO `vested` (`id`, `providerID`, `orderID`, `amount`, `date`) VALUES
(9, 8, 36, '15', '12-07-2024 18:28:00');

--
-- Indexes for dumped tables
--

--
-- Indexes for table `appointments`
--
ALTER TABLE `appointments`
  ADD PRIMARY KEY (`id`);

--
-- Indexes for table `business_case`
--
ALTER TABLE `business_case`
  ADD PRIMARY KEY (`id`);

--
-- Indexes for table `canceled`
--
ALTER TABLE `canceled`
  ADD PRIMARY KEY (`id`);

--
-- Indexes for table `languages`
--
ALTER TABLE `languages`
  ADD PRIMARY KEY (`id`);

--
-- Indexes for table `members`
--
ALTER TABLE `members`
  ADD PRIMARY KEY (`id`);

--
-- Indexes for table `notification_log`
--
ALTER TABLE `notification_log`
  ADD PRIMARY KEY (`id`),
  ADD KEY `appointment_id` (`appointment_id`),
  ADD KEY `notification_type` (`notification_type`),
  ADD KEY `sent_at` (`sent_at`);

--
-- Indexes for table `notification_settings`
--
ALTER TABLE `notification_settings`
  ADD PRIMARY KEY (`id`);

--
-- Indexes for table `orders`
--
ALTER TABLE `orders`
  ADD PRIMARY KEY (`id`);

--
-- Indexes for table `payed_vested`
--
ALTER TABLE `payed_vested`
  ADD PRIMARY KEY (`id`);

--
-- Indexes for table `products`
--
ALTER TABLE `products`
  ADD PRIMARY KEY (`id`);

--
-- Indexes for table `redirect`
--
ALTER TABLE `redirect`
  ADD PRIMARY KEY (`id`);

--
-- Indexes for table `saatler`
--
ALTER TABLE `saatler`
  ADD PRIMARY KEY (`id`);

--
-- Indexes for table `services`
--
ALTER TABLE `services`
  ADD PRIMARY KEY (`id`);

--
-- Indexes for table `sms_history`
--
ALTER TABLE `sms_history`
  ADD PRIMARY KEY (`id`);

--
-- Indexes for table `special_days`
--
ALTER TABLE `special_days`
  ADD PRIMARY KEY (`id`);

--
-- Indexes for table `special_day_categories`
--
ALTER TABLE `special_day_categories`
  ADD PRIMARY KEY (`id`),
  ADD UNIQUE KEY `code` (`code`);

--
-- Indexes for table `translations`
--
ALTER TABLE `translations`
  ADD PRIMARY KEY (`id`);

--
-- Indexes for table `vested`
--
ALTER TABLE `vested`
  ADD PRIMARY KEY (`id`);

--
-- AUTO_INCREMENT for dumped tables
--

--
-- AUTO_INCREMENT for table `appointments`
--
ALTER TABLE `appointments`
  MODIFY `id` int NOT NULL AUTO_INCREMENT, AUTO_INCREMENT=261;

--
-- AUTO_INCREMENT for table `business_case`
--
ALTER TABLE `business_case`
  MODIFY `id` int NOT NULL AUTO_INCREMENT, AUTO_INCREMENT=56;

--
-- AUTO_INCREMENT for table `canceled`
--
ALTER TABLE `canceled`
  MODIFY `id` int NOT NULL AUTO_INCREMENT, AUTO_INCREMENT=27;

--
-- AUTO_INCREMENT for table `languages`
--
ALTER TABLE `languages`
  MODIFY `id` int NOT NULL AUTO_INCREMENT, AUTO_INCREMENT=8;

--
-- AUTO_INCREMENT for table `members`
--
ALTER TABLE `members`
  MODIFY `id` int NOT NULL AUTO_INCREMENT, AUTO_INCREMENT=30;

--
-- AUTO_INCREMENT for table `notification_log`
--
ALTER TABLE `notification_log`
  MODIFY `id` int NOT NULL AUTO_INCREMENT, AUTO_INCREMENT=42;

--
-- AUTO_INCREMENT for table `notification_settings`
--
ALTER TABLE `notification_settings`
  MODIFY `id` int NOT NULL AUTO_INCREMENT, AUTO_INCREMENT=8;

--
-- AUTO_INCREMENT for table `orders`
--
ALTER TABLE `orders`
  MODIFY `id` int NOT NULL AUTO_INCREMENT, AUTO_INCREMENT=37;

--
-- AUTO_INCREMENT for table `payed_vested`
--
ALTER TABLE `payed_vested`
  MODIFY `id` int NOT NULL AUTO_INCREMENT, AUTO_INCREMENT=4;

--
-- AUTO_INCREMENT for table `products`
--
ALTER TABLE `products`
  MODIFY `id` int NOT NULL AUTO_INCREMENT, AUTO_INCREMENT=13;

--
-- AUTO_INCREMENT for table `redirect`
--
ALTER TABLE `redirect`
  MODIFY `id` int NOT NULL AUTO_INCREMENT, AUTO_INCREMENT=322;

--
-- AUTO_INCREMENT for table `saatler`
--
ALTER TABLE `saatler`
  MODIFY `id` int NOT NULL AUTO_INCREMENT, AUTO_INCREMENT=451;

--
-- AUTO_INCREMENT for table `services`
--
ALTER TABLE `services`
  MODIFY `id` int NOT NULL AUTO_INCREMENT, AUTO_INCREMENT=48;

--
-- AUTO_INCREMENT for table `sms_history`
--
ALTER TABLE `sms_history`
  MODIFY `id` int NOT NULL AUTO_INCREMENT, AUTO_INCREMENT=273;

--
-- AUTO_INCREMENT for table `special_days`
--
ALTER TABLE `special_days`
  MODIFY `id` int NOT NULL AUTO_INCREMENT, AUTO_INCREMENT=9;

--
-- AUTO_INCREMENT for table `special_day_categories`
--
ALTER TABLE `special_day_categories`
  MODIFY `id` int NOT NULL AUTO_INCREMENT, AUTO_INCREMENT=4;

--
-- AUTO_INCREMENT for table `translations`
--
ALTER TABLE `translations`
  MODIFY `id` int NOT NULL AUTO_INCREMENT, AUTO_INCREMENT=519;

--
-- AUTO_INCREMENT for table `vested`
--
ALTER TABLE `vested`
  MODIFY `id` int NOT NULL AUTO_INCREMENT, AUTO_INCREMENT=10;
COMMIT;

